Last updated on 2025-04-29 13:51:45 CEST.
Flavor | Version | Tinstall | Tcheck | Ttotal | Status | Flags |
---|---|---|---|---|---|---|
r-devel-linux-x86_64-debian-clang | 1.0.0.3 | 3.27 | 70.73 | 74.00 | NOTE | |
r-devel-linux-x86_64-debian-gcc | 1.0.0.3 | 2.26 | 63.79 | 66.05 | NOTE | |
r-devel-linux-x86_64-fedora-clang | 1.0.0.3 | 106.51 | OK | |||
r-devel-linux-x86_64-fedora-gcc | 1.0.0.3 | 103.39 | OK | |||
r-devel-windows-x86_64 | 1.0.0.3 | 4.00 | 108.00 | 112.00 | OK | |
r-patched-linux-x86_64 | 1.0.0.3 | 4.93 | 66.79 | 71.72 | OK | |
r-release-linux-x86_64 | 1.0.0.3 | 2.69 | 67.14 | 69.83 | OK | |
r-release-macos-arm64 | 1.0.0.3 | 52.00 | OK | |||
r-release-macos-x86_64 | 1.0.0.3 | 64.00 | OK | |||
r-release-windows-x86_64 | 1.0.0.3 | 5.00 | 108.00 | 113.00 | OK | |
r-oldrel-macos-arm64 | 1.0.0.3 | 55.00 | OK | |||
r-oldrel-macos-x86_64 | 1.0.0.3 | 70.00 | OK | |||
r-oldrel-windows-x86_64 | 1.0.0.3 | 4.00 | 118.00 | 122.00 | OK |
Version: 1.0.0.3
Check: examples
Result: NOTE
Examples with CPU (user + system) or elapsed time > 5s
user system elapsed
predictSelectTime 6.477 0 6.729
runSelectBenchmarks 4.198 0 5.161
Flavor: r-devel-linux-x86_64-debian-clang
Version: 1.0.0.3
Check: examples
Result: NOTE
Examples with CPU (user + system) or elapsed time > 5s
user system elapsed
predictSelectTime 9.308 0.114 10.680
runSelectBenchmarks 7.360 0.011 8.262
Flavor: r-devel-linux-x86_64-debian-gcc