Last updated on 2025-04-29 01:49:52 CEST.
Flavor | Version | Tinstall | Tcheck | Ttotal | Status | Flags |
---|---|---|---|---|---|---|
r-devel-linux-x86_64-debian-clang | 1.4.0 | 2.25 | 24.64 | 26.89 | OK | |
r-devel-linux-x86_64-debian-gcc | 1.4.0 | 1.87 | 20.21 | 22.08 | NOTE | |
r-devel-linux-x86_64-fedora-clang | 1.4.0 | 42.91 | OK | |||
r-devel-linux-x86_64-fedora-gcc | 1.4.0 | 40.37 | OK | |||
r-devel-windows-x86_64 | 1.4.0 | 4.00 | 54.00 | 58.00 | OK | |
r-patched-linux-x86_64 | 1.4.0 | 1.92 | 24.24 | 26.16 | OK | |
r-release-linux-x86_64 | 1.4.0 | 2.23 | 24.41 | 26.64 | OK | |
r-release-macos-arm64 | 1.4.0 | 19.00 | OK | |||
r-release-macos-x86_64 | 1.4.0 | 32.00 | OK | |||
r-release-windows-x86_64 | 1.4.0 | 4.00 | 57.00 | 61.00 | OK | |
r-oldrel-macos-arm64 | 1.4.0 | 22.00 | OK | |||
r-oldrel-macos-x86_64 | 1.4.0 | 25.00 | OK | |||
r-oldrel-windows-x86_64 | 1.4.0 | 3.00 | 52.00 | 55.00 | OK |
Version: 1.4.0
Check: CRAN incoming feasibility
Result: NOTE
Maintainer: ‘Korbinian Strimmer <strimmerlab@gmail.com>’
No Authors@R field in DESCRIPTION.
Please add one, modifying
Authors@R: c(person(given = "Korbinian",
family = "Strimmer",
role = c("aut", "cre"),
email = "strimmerlab@gmail.com"),
person(given = "Takoua",
family = "Jendoubi",
role = "aut"),
person(given = "Agnan",
family = "Kessy",
role = "aut"),
person(given = "Alex",
family = "Lewin",
role = "aut"))
as necessary.
Flavor: r-devel-linux-x86_64-debian-gcc