CRAN Package Check Results for Package whitening

Last updated on 2025-07-20 01:49:44 CEST.

Flavor Version Tinstall Tcheck Ttotal Status Flags
r-devel-linux-x86_64-debian-clang 1.4.0 2.14 25.23 27.37 NOTE
r-devel-linux-x86_64-debian-gcc 1.4.0 1.71 21.17 22.88 NOTE
r-devel-linux-x86_64-fedora-clang 1.4.0 42.40 OK
r-devel-linux-x86_64-fedora-gcc 1.4.0 40.74 OK
r-devel-windows-x86_64 1.4.0 5.00 53.00 58.00 OK
r-patched-linux-x86_64 1.4.0 2.38 24.39 26.77 OK
r-release-linux-x86_64 1.4.0 1.57 24.19 25.76 OK
r-release-macos-arm64 1.4.0 19.00 OK
r-release-macos-x86_64 1.4.0 32.00 OK
r-release-windows-x86_64 1.4.0 4.00 57.00 61.00 OK
r-oldrel-macos-arm64 1.4.0 22.00 OK
r-oldrel-macos-x86_64 1.4.0 25.00 OK
r-oldrel-windows-x86_64 1.4.0 3.00 52.00 55.00 OK

Check Details

Version: 1.4.0
Check: CRAN incoming feasibility
Result: NOTE Maintainer: ‘Korbinian Strimmer <strimmerlab@gmail.com>’ No Authors@R field in DESCRIPTION. Please add one, modifying Authors@R: c(person(given = "Korbinian", family = "Strimmer", role = c("aut", "cre"), email = "strimmerlab@gmail.com"), person(given = "Takoua", family = "Jendoubi", role = "aut"), person(given = "Agnan", family = "Kessy", role = "aut"), person(given = "Alex", family = "Lewin", role = "aut")) as necessary. Flavors: r-devel-linux-x86_64-debian-clang, r-devel-linux-x86_64-debian-gcc