CRAN Package Check Results for Package wcox

Last updated on 2025-07-19 13:50:30 CEST.

Flavor Version Tinstall Tcheck Ttotal Status Flags
r-devel-linux-x86_64-debian-clang 1.0 3.87 39.35 43.22 OK
r-devel-linux-x86_64-debian-gcc 1.0 2.90 29.66 32.56 OK
r-devel-linux-x86_64-fedora-clang 1.0 66.88 NOTE
r-devel-linux-x86_64-fedora-gcc 1.0 76.55 NOTE
r-devel-windows-x86_64 1.0 6.00 56.00 62.00 OK
r-patched-linux-x86_64 1.0 3.92 36.50 40.42 OK
r-release-linux-x86_64 1.0 4.09 36.71 40.80 OK
r-release-macos-arm64 1.0 28.00 OK
r-release-macos-x86_64 1.0 48.00 OK
r-release-windows-x86_64 1.0 5.00 55.00 60.00 OK
r-oldrel-macos-arm64 1.0 27.00 OK
r-oldrel-macos-x86_64 1.0 42.00 OK
r-oldrel-windows-x86_64 1.0 7.00 65.00 72.00 OK

Check Details

Version: 1.0
Check: dependencies in R code
Result: NOTE Namespace in Imports field not imported from: ‘survival’ All declared Imports should be used. Flavors: r-devel-linux-x86_64-fedora-clang, r-devel-linux-x86_64-fedora-gcc