Last updated on 2025-05-19 01:50:12 CEST.
Flavor | Version | Tinstall | Tcheck | Ttotal | Status | Flags |
---|---|---|---|---|---|---|
r-devel-linux-x86_64-debian-clang | 1.0.1 | 4.37 | 50.48 | 54.85 | OK | |
r-devel-linux-x86_64-debian-gcc | 1.0.1 | 2.94 | 37.62 | 40.56 | OK | |
r-devel-linux-x86_64-fedora-clang | 1.0.1 | 82.88 | OK | |||
r-devel-linux-x86_64-fedora-gcc | 1.0.1 | 91.27 | OK | |||
r-devel-windows-x86_64 | 1.0.1 | 6.00 | 86.00 | 92.00 | OK | |
r-patched-linux-x86_64 | 1.0.1 | 4.56 | 45.89 | 50.45 | OK | |
r-release-linux-x86_64 | 1.0.1 | 4.12 | 44.33 | 48.45 | ERROR | |
r-release-macos-arm64 | 1.0.1 | 37.00 | OK | |||
r-release-macos-x86_64 | 1.0.1 | 73.00 | OK | |||
r-release-windows-x86_64 | 1.0.1 | 8.00 | 76.00 | 84.00 | ERROR | |
r-oldrel-macos-arm64 | 1.0.1 | 41.00 | OK | |||
r-oldrel-macos-x86_64 | 1.0.1 | 69.00 | OK | |||
r-oldrel-windows-x86_64 | 1.0.1 | 9.00 | 85.00 | 94.00 | OK |
Version: 1.0.1
Check: examples
Result: ERROR
Running examples in ‘wbwdi-Ex.R’ failed
The error most likely occurred in:
> base::assign(".ptime", proc.time(), pos = "CheckExEnv")
> ### Name: wdi_get_entities
> ### Title: Download all countries and regions from the World Bank API
> ### Aliases: wdi_get_entities
>
> ### ** Examples
>
> ## Don't show:
> if (curl::has_internet()) (if (getRversion() >= "3.4") withAutoprint else force)({ # examplesIf
+ ## End(Don't show)
+ # Download all entities in English
+ wdi_get_entities()
+
+ # Download all entities in Spanish
+ wdi_get_entities(language = "zh")
+ ## Don't show:
+ }) # examplesIf
> wdi_get_entities()
Error in `req_perform()`:
! HTTP 400 Bad Request.
Backtrace:
▆
1. ├─(if (getRversion() >= "3.4") withAutoprint else force)(...)
2. │ └─base::source(...)
3. │ ├─base::withVisible(eval(ei, envir))
4. │ └─base::eval(ei, envir)
5. │ └─base::eval(ei, envir)
6. └─wbwdi::wdi_get_entities()
7. └─wbwdi:::perform_request("countries/all", language, per_page)
8. └─httr2::req_perform(req)
9. └─httr2:::handle_resp(req, resp, error_call = error_call)
10. └─httr2:::resp_failure_cnd(req, resp, error_call = error_call)
11. ├─rlang::catch_cnd(...)
12. │ ├─rlang::eval_bare(...)
13. │ ├─base::tryCatch(...)
14. │ │ └─base (local) tryCatchList(expr, classes, parentenv, handlers)
15. │ │ └─base (local) tryCatchOne(expr, names, parentenv, handlers[[1L]])
16. │ │ └─base (local) doTryCatch(return(expr), name, parentenv, handler)
17. │ └─base::force(expr)
18. └─rlang::abort(...)
Execution halted
Flavor: r-release-linux-x86_64
Version: 1.0.1
Check: examples
Result: ERROR
Running examples in 'wbwdi-Ex.R' failed
The error most likely occurred in:
> ### Name: wdi_get_entities
> ### Title: Download all countries and regions from the World Bank API
> ### Aliases: wdi_get_entities
>
> ### ** Examples
>
> ## Don't show:
> if (curl::has_internet()) (if (getRversion() >= "3.4") withAutoprint else force)({ # examplesIf
+ ## End(Don't show)
+ # Download all entities in English
+ wdi_get_entities()
+
+ # Download all entities in Spanish
+ wdi_get_entities(language = "zh")
+ ## Don't show:
+ }) # examplesIf
> wdi_get_entities()
Error in `req_perform()`:
! HTTP 400 Bad Request.
Backtrace:
▆
1. ├─(if (getRversion() >= "3.4") withAutoprint else force)(...)
2. │ └─base::source(...)
3. │ ├─base::withVisible(eval(ei, envir))
4. │ └─base::eval(ei, envir)
5. │ └─base::eval(ei, envir)
6. └─wbwdi::wdi_get_entities()
7. └─wbwdi:::perform_request("countries/all", language, per_page)
8. └─httr2::req_perform(req)
9. └─httr2:::handle_resp(req, resp, error_call = error_call)
10. └─httr2:::resp_failure_cnd(req, resp, error_call = error_call)
11. ├─rlang::catch_cnd(...)
12. │ ├─rlang::eval_bare(...)
13. │ ├─base::tryCatch(...)
14. │ │ └─base (local) tryCatchList(expr, classes, parentenv, handlers)
15. │ │ └─base (local) tryCatchOne(expr, names, parentenv, handlers[[1L]])
16. │ │ └─base (local) doTryCatch(return(expr), name, parentenv, handler)
17. │ └─base::force(expr)
18. └─rlang::abort(...)
Execution halted
Flavor: r-release-windows-x86_64