Last updated on 2024-06-30 00:59:30 CEST.
Flavor | Version | Tinstall | Tcheck | Ttotal | Status | Flags |
---|---|---|---|---|---|---|
r-devel-linux-x86_64-debian-clang | 1.0.8 | 684.31 | 320.96 | 1005.27 | OK | |
r-devel-linux-x86_64-debian-gcc | 1.0.8 | 604.61 | 279.67 | 884.28 | OK | |
r-devel-linux-x86_64-fedora-clang | 1.0.8 | 1237.88 | NOTE | |||
r-devel-linux-x86_64-fedora-gcc | 1.0.8 | 1714.67 | NOTE | |||
r-devel-windows-x86_64 | 1.0.8 | 525.00 | 287.00 | 812.00 | NOTE | |
r-patched-linux-x86_64 | 1.0.8 | 500.55 | 371.16 | 871.71 | OK | |
r-release-linux-x86_64 | 1.0.8 | 543.79 | 364.86 | 908.65 | OK | |
r-release-macos-arm64 | 1.0.8 | 290.00 | NOTE | |||
r-release-macos-x86_64 | 1.0.8 | 285.00 | NOTE | |||
r-release-windows-x86_64 | 1.0.8 | 527.00 | 285.00 | 812.00 | NOTE | |
r-oldrel-macos-arm64 | 1.0.8 | 532.00 | NOTE | |||
r-oldrel-macos-x86_64 | 1.0.8 | 761.00 | NOTE | |||
r-oldrel-windows-x86_64 | 1.0.8 | 708.00 | 350.00 | 1058.00 | NOTE |
Version: 1.0.8
Check: installed package size
Result: NOTE
installed size is 7.3Mb
sub-directories of 1Mb or more:
libs 5.9Mb
Flavors: r-devel-linux-x86_64-fedora-clang, r-devel-windows-x86_64, r-release-macos-arm64, r-release-macos-x86_64, r-release-windows-x86_64, r-oldrel-macos-arm64, r-oldrel-macos-x86_64, r-oldrel-windows-x86_64
Version: 1.0.8
Check: for GNU extensions in Makefiles
Result: NOTE
GNU make is a SystemRequirements.
Flavors: r-devel-linux-x86_64-fedora-clang, r-devel-linux-x86_64-fedora-gcc, r-release-macos-arm64, r-release-macos-x86_64, r-oldrel-macos-arm64, r-oldrel-macos-x86_64