Last updated on 2025-05-19 01:50:12 CEST.
Flavor | Version | Tinstall | Tcheck | Ttotal | Status | Flags |
---|---|---|---|---|---|---|
r-devel-linux-x86_64-debian-clang | 0.8 | 2.48 | 25.62 | 28.10 | NOTE | |
r-devel-linux-x86_64-debian-gcc | 0.8 | 1.94 | 20.85 | 22.79 | NOTE | |
r-devel-linux-x86_64-fedora-clang | 0.8 | 45.76 | OK | |||
r-devel-linux-x86_64-fedora-gcc | 0.8 | 56.81 | OK | |||
r-devel-windows-x86_64 | 0.8 | 3.00 | 62.00 | 65.00 | OK | |
r-patched-linux-x86_64 | 0.8 | 2.68 | 24.48 | 27.16 | OK | |
r-release-linux-x86_64 | 0.8 | 2.46 | 24.65 | 27.11 | OK | |
r-release-macos-arm64 | 0.8 | 33.00 | OK | |||
r-release-macos-x86_64 | 0.8 | 49.00 | OK | |||
r-release-windows-x86_64 | 0.8 | 5.00 | 62.00 | 67.00 | OK | |
r-oldrel-macos-arm64 | 0.8 | 23.00 | OK | |||
r-oldrel-macos-x86_64 | 0.8 | 40.00 | OK | |||
r-oldrel-windows-x86_64 | 0.8 | 3.00 | 58.00 | 61.00 | OK |
Version: 0.8
Check: CRAN incoming feasibility
Result: NOTE
Maintainer: ‘Andreas Schulz <ades-s@web.de>’
No Authors@R field in DESCRIPTION.
Please add one, modifying
Authors@R: c(person(given = "Andreas",
family = "Schulz",
role = "cre",
email = "ades-s@web.de"),
person(family = "PhD",
role = c("aut", "cre")))
as necessary.
Flavors: r-devel-linux-x86_64-debian-clang, r-devel-linux-x86_64-debian-gcc