CRAN Package Check Results for Package vsd

Last updated on 2025-05-19 01:50:12 CEST.

Flavor Version Tinstall Tcheck Ttotal Status Flags
r-devel-linux-x86_64-debian-clang 0.1.0 9.85 83.85 93.70 NOTE
r-devel-linux-x86_64-debian-gcc 0.1.0 6.43 58.91 65.34 NOTE
r-devel-linux-x86_64-fedora-clang 0.1.0 142.55 NOTE
r-devel-linux-x86_64-fedora-gcc 0.1.0 143.26 NOTE
r-devel-windows-x86_64 0.1.0 12.00 102.00 114.00 NOTE
r-patched-linux-x86_64 0.1.0 8.28 77.07 85.35 NOTE
r-release-linux-x86_64 0.1.0 8.67 78.13 86.80 NOTE
r-release-macos-arm64 0.1.0 41.00 OK
r-release-macos-x86_64 0.1.0 71.00 OK
r-release-windows-x86_64 0.1.0 11.00 97.00 108.00 NOTE
r-oldrel-macos-arm64 0.1.0 40.00 OK
r-oldrel-macos-x86_64 0.1.0 59.00 OK
r-oldrel-windows-x86_64 0.1.0 14.00 112.00 126.00 OK

Check Details

Version: 0.1.0
Check: Rd cross-references
Result: NOTE Found the following Rd file(s) with Rd \link{} targets missing package anchors: vsd.Rd: ggplot2, Surv Please provide package anchors for all Rd \link{} targets not in the package itself and the base packages. Flavors: r-devel-linux-x86_64-debian-clang, r-devel-linux-x86_64-debian-gcc, r-devel-windows-x86_64, r-patched-linux-x86_64, r-release-linux-x86_64, r-release-windows-x86_64

Version: 0.1.0
Check: dependencies in R code
Result: NOTE Namespace in Imports field not imported from: ‘flexsurv’ All declared Imports should be used. Flavors: r-devel-linux-x86_64-fedora-clang, r-devel-linux-x86_64-fedora-gcc