Last updated on 2025-05-19 01:50:12 CEST.
Flavor | Version | Tinstall | Tcheck | Ttotal | Status | Flags |
---|---|---|---|---|---|---|
r-devel-linux-x86_64-debian-clang | 1.0.1 | 3.32 | 96.77 | 100.09 | OK | |
r-devel-linux-x86_64-debian-gcc | 1.0.1 | 2.37 | 69.64 | 72.01 | OK | |
r-devel-linux-x86_64-fedora-clang | 1.0.1 | 149.72 | OK | |||
r-devel-linux-x86_64-fedora-gcc | 1.0.1 | 152.99 | OK | |||
r-devel-windows-x86_64 | 1.0.1 | 7.00 | 106.00 | 113.00 | OK | |
r-patched-linux-x86_64 | 1.0.1 | 3.56 | 93.10 | 96.66 | OK | |
r-release-linux-x86_64 | 1.0.1 | 3.17 | 92.92 | 96.09 | OK | |
r-release-macos-arm64 | 1.0.1 | 46.00 | OK | |||
r-release-macos-x86_64 | 1.0.1 | 90.00 | OK | |||
r-release-windows-x86_64 | 1.0.1 | 5.00 | 104.00 | 109.00 | OK | |
r-oldrel-macos-arm64 | 1.0.1 | 44.00 | NOTE | |||
r-oldrel-macos-x86_64 | 1.0.1 | 72.00 | NOTE | |||
r-oldrel-windows-x86_64 | 1.0.1 | 6.00 | 126.00 | 132.00 | NOTE |
Version: 1.0.1
Check: installed package size
Result: NOTE
installed size is 6.8Mb
sub-directories of 1Mb or more:
doc 5.4Mb
extdata 1.1Mb
Flavors: r-oldrel-macos-arm64, r-oldrel-macos-x86_64, r-oldrel-windows-x86_64