Last updated on 2024-06-30 00:59:30 CEST.
Flavor | Version | Tinstall | Tcheck | Ttotal | Status | Flags |
---|---|---|---|---|---|---|
r-devel-linux-x86_64-debian-clang | 1.1.0 | 19.28 | 356.22 | 375.50 | OK | |
r-devel-linux-x86_64-debian-gcc | 1.1.0 | 13.77 | 254.76 | 268.53 | OK | |
r-devel-linux-x86_64-fedora-clang | 1.1.0 | 317.50 | NOTE | |||
r-devel-linux-x86_64-fedora-gcc | 1.1.0 | 289.08 | OK | |||
r-devel-windows-x86_64 | 1.1.0 | 16.00 | 250.00 | 266.00 | NOTE | |
r-patched-linux-x86_64 | 1.1.0 | 16.91 | 333.99 | 350.90 | OK | |
r-release-linux-x86_64 | 1.1.0 | 12.12 | 337.32 | 349.44 | OK | |
r-release-macos-arm64 | 1.1.0 | 128.00 | NOTE | |||
r-release-macos-x86_64 | 1.1.0 | 344.00 | NOTE | |||
r-release-windows-x86_64 | 1.1.0 | 16.00 | 251.00 | 267.00 | NOTE | |
r-oldrel-macos-arm64 | 1.1.0 | 130.00 | NOTE | |||
r-oldrel-macos-x86_64 | 1.1.0 | 257.00 | NOTE | |||
r-oldrel-windows-x86_64 | 1.1.0 | 22.00 | 344.00 | 366.00 | NOTE |
Version: 1.1.0
Check: installed package size
Result: NOTE
installed size is 5.9Mb
sub-directories of 1Mb or more:
data 4.3Mb
help 1.3Mb
Flavors: r-devel-linux-x86_64-fedora-clang, r-devel-windows-x86_64, r-release-macos-arm64, r-release-macos-x86_64, r-release-windows-x86_64, r-oldrel-macos-arm64, r-oldrel-macos-x86_64, r-oldrel-windows-x86_64