Last updated on 2024-06-30 00:59:30 CEST.
Flavor | Version | Tinstall | Tcheck | Ttotal | Status | Flags |
---|---|---|---|---|---|---|
r-devel-linux-x86_64-debian-clang | 0.3.0 | 5.10 | 45.86 | 50.96 | OK | |
r-devel-linux-x86_64-debian-gcc | 0.3.0 | 4.25 | 34.62 | 38.87 | OK | |
r-devel-linux-x86_64-fedora-clang | 0.3.0 | 64.95 | NOTE | |||
r-devel-linux-x86_64-fedora-gcc | 0.3.0 | 60.35 | NOTE | |||
r-devel-windows-x86_64 | 0.3.0 | 6.00 | 54.00 | 60.00 | OK | |
r-patched-linux-x86_64 | 0.3.0 | 4.69 | 43.28 | 47.97 | OK | |
r-release-linux-x86_64 | 0.3.0 | 3.61 | 44.61 | 48.22 | OK | |
r-release-macos-arm64 | 0.3.0 | 24.00 | OK | |||
r-release-macos-x86_64 | 0.3.0 | 32.00 | OK | |||
r-release-windows-x86_64 | 0.3.0 | 7.00 | 54.00 | 61.00 | OK | |
r-oldrel-macos-arm64 | 0.3.0 | 24.00 | OK | |||
r-oldrel-macos-x86_64 | 0.3.0 | 32.00 | OK | |||
r-oldrel-windows-x86_64 | 0.3.0 | 6.00 | 60.00 | 66.00 | OK |
Version: 0.3.0
Check: data for non-ASCII characters
Result: NOTE
Note: found 2 marked UTF-8 strings
Flavors: r-devel-linux-x86_64-fedora-clang, r-devel-linux-x86_64-fedora-gcc