Last updated on 2025-04-29 01:49:51 CEST.
Flavor | Version | Tinstall | Tcheck | Ttotal | Status | Flags |
---|---|---|---|---|---|---|
r-devel-linux-x86_64-debian-clang | 1.0.0 | 16.83 | 163.53 | 180.36 | OK | |
r-devel-linux-x86_64-debian-gcc | 1.0.0 | 12.95 | 117.66 | 130.61 | NOTE | |
r-devel-linux-x86_64-fedora-clang | 1.0.0 | 307.01 | OK | |||
r-devel-linux-x86_64-fedora-gcc | 1.0.0 | 268.93 | OK | |||
r-devel-windows-x86_64 | 1.0.0 | 20.00 | 150.00 | 170.00 | OK | |
r-patched-linux-x86_64 | 1.0.0 | 17.56 | 162.60 | 180.16 | OK | |
r-release-linux-x86_64 | 1.0.0 | 18.17 | 158.72 | 176.89 | OK | |
r-release-macos-arm64 | 1.0.0 | 72.00 | OK | |||
r-release-macos-x86_64 | 1.0.0 | 168.00 | OK | |||
r-release-windows-x86_64 | 1.0.0 | 21.00 | 153.00 | 174.00 | OK | |
r-oldrel-macos-arm64 | 1.0.0 | 74.00 | NOTE | |||
r-oldrel-macos-x86_64 | 1.0.0 | 132.00 | NOTE | |||
r-oldrel-windows-x86_64 | 1.0.0 | 24.00 | 211.00 | 235.00 | NOTE |
Version: 1.0.0
Check: examples
Result: NOTE
Examples with CPU (user + system) or elapsed time > 5s
user system elapsed
ENc.values 2.982 0.168 5.101
Flavor: r-devel-linux-x86_64-debian-gcc
Version: 1.0.0
Check: LazyData
Result: NOTE
'LazyData' is specified without a 'data' directory
Flavors: r-oldrel-macos-arm64, r-oldrel-macos-x86_64, r-oldrel-windows-x86_64