Last updated on 2024-06-30 00:59:29 CEST.
Flavor | Version | Tinstall | Tcheck | Ttotal | Status | Flags |
---|---|---|---|---|---|---|
r-devel-linux-x86_64-debian-clang | 0.1.8 | 12.03 | 152.32 | 164.35 | OK | |
r-devel-linux-x86_64-debian-gcc | 0.1.8 | 11.50 | 114.98 | 126.48 | OK | |
r-devel-linux-x86_64-fedora-clang | 0.1.8 | 207.28 | NOTE | |||
r-devel-linux-x86_64-fedora-gcc | 0.1.8 | 201.67 | NOTE | |||
r-devel-windows-x86_64 | 0.1.8 | 15.00 | 138.00 | 153.00 | OK | |
r-patched-linux-x86_64 | 0.1.8 | 19.51 | 144.58 | 164.09 | OK | |
r-release-linux-x86_64 | 0.1.8 | 10.10 | 143.94 | 154.04 | OK | |
r-release-macos-arm64 | 0.1.8 | 55.00 | OK | |||
r-release-macos-x86_64 | 0.1.8 | 80.00 | OK | |||
r-release-windows-x86_64 | 0.1.8 | 15.00 | 137.00 | 152.00 | OK | |
r-oldrel-macos-arm64 | 0.1.8 | 61.00 | OK | |||
r-oldrel-macos-x86_64 | 0.1.8 | 106.00 | OK | |||
r-oldrel-windows-x86_64 | 0.1.8 | 19.00 | 176.00 | 195.00 | OK |
Version: 0.1.8
Check: data for non-ASCII characters
Result: NOTE
Note: found 128 marked UTF-8 strings
Flavors: r-devel-linux-x86_64-fedora-clang, r-devel-linux-x86_64-fedora-gcc