Last updated on 2025-04-29 01:49:51 CEST.
Flavor | Version | Tinstall | Tcheck | Ttotal | Status | Flags |
---|---|---|---|---|---|---|
r-devel-linux-x86_64-debian-clang | 1.0.3 | 8.90 | 94.53 | 103.43 | OK | |
r-devel-linux-x86_64-debian-gcc | 1.1.0 | 5.07 | 81.44 | 86.51 | NOTE | |
r-devel-linux-x86_64-fedora-clang | 1.1.0 | 207.45 | OK | |||
r-devel-linux-x86_64-fedora-gcc | 1.1.0 | 221.33 | OK | |||
r-devel-windows-x86_64 | 1.1.0 | 10.00 | 113.00 | 123.00 | OK | |
r-patched-linux-x86_64 | 1.1.0 | 8.26 | 110.03 | 118.29 | OK | |
r-release-linux-x86_64 | 1.1.0 | 7.62 | 109.57 | 117.19 | OK | |
r-release-macos-arm64 | 1.1.0 | 53.00 | OK | |||
r-release-macos-x86_64 | 1.1.0 | 113.00 | OK | |||
r-release-windows-x86_64 | 1.1.0 | 11.00 | 114.00 | 125.00 | OK | |
r-oldrel-macos-arm64 | 1.1.0 | 61.00 | OK | |||
r-oldrel-macos-x86_64 | 1.1.0 | 104.00 | OK | |||
r-oldrel-windows-x86_64 | 1.1.0 | 13.00 | 123.00 | 136.00 | OK |
Version: 1.1.0
Check: examples
Result: NOTE
Examples with CPU (user + system) or elapsed time > 5s
user system elapsed
estimate_gps 5.284 0.326 7.008
Flavor: r-devel-linux-x86_64-debian-gcc