Last updated on 2024-06-30 00:59:29 CEST.
Flavor | Version | Tinstall | Tcheck | Ttotal | Status | Flags |
---|---|---|---|---|---|---|
r-devel-linux-x86_64-debian-clang | 1.15.0 | 176.94 | 234.18 | 411.12 | OK | |
r-devel-linux-x86_64-debian-gcc | 1.15.0 | 114.28 | 176.84 | 291.12 | OK | |
r-devel-linux-x86_64-fedora-clang | 1.15.0 | 558.68 | OK | |||
r-devel-linux-x86_64-fedora-gcc | 1.15.0 | 562.62 | OK | |||
r-devel-windows-x86_64 | 1.15.0 | 131.00 | 232.00 | 363.00 | OK | |
r-patched-linux-x86_64 | 1.15.0 | 135.55 | 221.07 | 356.62 | OK | |
r-release-linux-x86_64 | 1.15.0 | 140.46 | 218.20 | 358.66 | OK | |
r-release-macos-arm64 | 1.15.0 | 126.00 | NOTE | |||
r-release-macos-x86_64 | 1.15.0 | 210.00 | NOTE | |||
r-release-windows-x86_64 | 1.15.0 | 131.00 | 227.00 | 358.00 | OK | |
r-oldrel-macos-arm64 | 1.15.0 | 147.00 | NOTE | |||
r-oldrel-macos-x86_64 | 1.15.0 | 222.00 | NOTE | |||
r-oldrel-windows-x86_64 | 1.15.0 | 166.00 | 283.00 | 449.00 | OK |
Version: 1.15.0
Check: installed package size
Result: NOTE
installed size is 6.6Mb
sub-directories of 1Mb or more:
libs 4.6Mb
Flavors: r-release-macos-arm64, r-release-macos-x86_64, r-oldrel-macos-arm64, r-oldrel-macos-x86_64