Last updated on 2024-08-16 12:49:23 CEST.
Flavor | Version | Tinstall | Tcheck | Ttotal | Status | Flags |
---|---|---|---|---|---|---|
r-devel-linux-x86_64-debian-clang | 1.4-12 | 9.18 | 166.84 | 176.02 | NOTE | |
r-devel-linux-x86_64-debian-gcc | 1.4-12 | 7.21 | 113.02 | 120.23 | NOTE | |
r-devel-linux-x86_64-fedora-clang | 1.4-12 | 282.26 | OK | |||
r-devel-linux-x86_64-fedora-gcc | 1.4-12 | 288.54 | OK | |||
r-devel-windows-x86_64 | 1.4-12 | 14.00 | 217.00 | 231.00 | NOTE | |
r-patched-linux-x86_64 | 1.4-12 | 12.11 | 163.81 | 175.92 | OK | |
r-release-linux-x86_64 | 1.4-12 | 9.14 | 164.73 | 173.87 | OK | |
r-release-macos-arm64 | 1.4-12 | 78.00 | OK | |||
r-release-macos-x86_64 | 1.4-12 | 143.00 | OK | |||
r-release-windows-x86_64 | 1.4-12 | 13.00 | 217.00 | 230.00 | OK | |
r-oldrel-macos-arm64 | 1.4-12 | 78.00 | OK | |||
r-oldrel-macos-x86_64 | 1.4-12 | 298.00 | OK | |||
r-oldrel-windows-x86_64 | 1.4-12 | 17.00 | 250.00 | 267.00 | OK |
Version: 1.4-12
Check: Rd cross-references
Result: NOTE
Found the following Rd file(s) with Rd \link{} targets missing package
anchors:
plot.loglm.Rd: loglm
Please provide package anchors for all Rd \link{} targets not in the
package itself and the base packages.
Flavors: r-devel-linux-x86_64-debian-clang, r-devel-linux-x86_64-debian-gcc, r-devel-windows-x86_64