CRAN Package Check Results for Package unisensR

Last updated on 2025-04-29 01:49:51 CEST.

Flavor Version Tinstall Tcheck Ttotal Status Flags
r-devel-linux-x86_64-debian-clang 0.3.3 1.88 28.35 30.23 OK
r-devel-linux-x86_64-debian-gcc 0.3.3 1.47 24.91 26.38 OK
r-devel-linux-x86_64-fedora-clang 0.3.3 45.87 OK
r-devel-linux-x86_64-fedora-gcc 0.3.3 46.01 OK
r-devel-windows-x86_64 0.3.3 5.00 52.00 57.00 OK
r-patched-linux-x86_64 0.3.3 2.13 27.74 29.87 OK
r-release-linux-x86_64 0.3.3 1.92 27.63 29.55 OK
r-release-macos-arm64 0.3.3 24.00 OK
r-release-macos-x86_64 0.3.3 36.00 OK
r-release-windows-x86_64 0.3.3 4.00 56.00 60.00 OK
r-oldrel-macos-arm64 0.3.3 22.00 NOTE
r-oldrel-macos-x86_64 0.3.3 29.00 NOTE
r-oldrel-windows-x86_64 0.3.3 5.00 57.00 62.00 NOTE

Check Details

Version: 0.3.3
Check: LazyData
Result: NOTE 'LazyData' is specified without a 'data' directory Flavors: r-oldrel-macos-arm64, r-oldrel-macos-x86_64, r-oldrel-windows-x86_64