Last updated on 2025-07-20 12:49:40 CEST.
Flavor | Version | Tinstall | Tcheck | Ttotal | Status | Flags |
---|---|---|---|---|---|---|
r-devel-linux-x86_64-debian-clang | 0.2.0 | 31.65 | 25.16 | 56.81 | NOTE | |
r-devel-linux-x86_64-debian-gcc | 0.2.0 | 21.85 | 20.78 | 42.63 | NOTE | |
r-devel-linux-x86_64-fedora-clang | 0.2.0 | 116.66 | NOTE | |||
r-devel-linux-x86_64-fedora-gcc | 0.2.0 | 95.04 | NOTE | |||
r-devel-windows-x86_64 | 0.2.0 | 36.00 | 67.00 | 103.00 | NOTE | |
r-patched-linux-x86_64 | 0.2.0 | 29.05 | 24.24 | 53.29 | NOTE | |
r-release-linux-x86_64 | 0.2.0 | 30.19 | 24.38 | 54.57 | NOTE | |
r-release-macos-arm64 | 0.2.0 | 30.00 | NOTE | |||
r-release-macos-x86_64 | 0.2.0 | 41.00 | NOTE | |||
r-release-windows-x86_64 | 0.2.0 | 35.00 | 66.00 | 101.00 | NOTE | |
r-oldrel-macos-arm64 | 0.2.0 | 31.00 | NOTE | |||
r-oldrel-macos-x86_64 | 0.2.0 | 39.00 | NOTE | |||
r-oldrel-windows-x86_64 | 0.2.0 | 35.00 | 77.00 | 112.00 | NOTE |
Version: 0.2.0
Check: C++ specification
Result: NOTE
Specified C++11: please drop specification unless essential
Flavors: r-devel-linux-x86_64-debian-clang, r-devel-linux-x86_64-debian-gcc, r-devel-linux-x86_64-fedora-clang, r-devel-linux-x86_64-fedora-gcc, r-devel-windows-x86_64, r-patched-linux-x86_64, r-release-linux-x86_64, r-release-macos-arm64, r-release-macos-x86_64, r-release-windows-x86_64, r-oldrel-macos-arm64, r-oldrel-macos-x86_64, r-oldrel-windows-x86_64