Last updated on 2025-04-29 01:49:51 CEST.
Flavor | Version | Tinstall | Tcheck | Ttotal | Status | Flags |
---|---|---|---|---|---|---|
r-devel-linux-x86_64-debian-clang | 1.1 | 4.28 | 55.35 | 59.63 | OK | |
r-devel-linux-x86_64-debian-gcc | 1.1 | 3.68 | 44.60 | 48.28 | NOTE | |
r-devel-linux-x86_64-fedora-clang | 1.1 | 94.52 | OK | |||
r-devel-linux-x86_64-fedora-gcc | 1.1 | 94.81 | OK | |||
r-devel-windows-x86_64 | 1.1 | 7.00 | 88.00 | 95.00 | OK | |
r-patched-linux-x86_64 | 1.1 | 5.66 | 57.55 | 63.21 | OK | |
r-release-linux-x86_64 | 1.1 | 5.18 | 57.02 | 62.20 | OK | |
r-release-macos-arm64 | 1.1 | 43.00 | OK | |||
r-release-macos-x86_64 | 1.1 | 59.00 | OK | |||
r-release-windows-x86_64 | 1.1 | 7.00 | 92.00 | 99.00 | OK | |
r-oldrel-macos-arm64 | 1.1 | 39.00 | OK | |||
r-oldrel-macos-x86_64 | 1.1 | 50.00 | OK | |||
r-oldrel-windows-x86_64 | 1.1 | 10.00 | 108.00 | 118.00 | OK |
Version: 1.1
Check: CRAN incoming feasibility
Result: NOTE
Maintainer: ‘Claudia Koellmann <koellmann@statistik.tu-dortmund.de>’
No Authors@R field in DESCRIPTION.
Please add one, modifying
Authors@R: person(given = "Claudia",
family = "Koellmann",
role = c("aut", "cre"),
email = "koellmann@statistik.tu-dortmund.de")
as necessary.
Flavor: r-devel-linux-x86_64-debian-gcc