CRAN Package Check Results for Package ubair

Last updated on 2025-05-19 01:50:11 CEST.

Flavor Version Tinstall Tcheck Ttotal Status Flags
r-devel-linux-x86_64-debian-clang 1.1.0 37.99 136.15 174.14 OK
r-devel-linux-x86_64-debian-gcc 1.1.0 28.12 93.31 121.43 OK
r-devel-linux-x86_64-fedora-clang 1.1.0 285.83 OK
r-devel-linux-x86_64-fedora-gcc 1.1.0 288.94 OK
r-devel-windows-x86_64 1.1.0 40.00 142.00 182.00 OK
r-patched-linux-x86_64 1.1.0 42.76 126.37 169.13 OK
r-release-linux-x86_64 1.1.0 40.62 126.63 167.25 OK
r-release-macos-arm64 1.1.0 85.00 OK
r-release-macos-x86_64 1.1.0 210.00 OK
r-release-windows-x86_64 1.1.0 38.00 147.00 185.00 OK
r-oldrel-macos-arm64 1.1.0 89.00 OK
r-oldrel-macos-x86_64 1.1.0 224.00 OK
r-oldrel-windows-x86_64 1.1.0 54.00 176.00 230.00 ERROR

Check Details

Version: 1.1.0
Check: re-building of vignette outputs
Result: ERROR Error(s) in re-building vignettes: --- re-building 'user_sample_1.Rmd' using rmarkdown File figure/plot_counter_1-1.png not found in resource path Error: processing vignette 'user_sample_1.Rmd' failed with diagnostics: pandoc document conversion failed with error 99 --- failed re-building 'user_sample_1.Rmd' --- re-building 'user_sample_2.Rmd' using rmarkdown --- finished re-building 'user_sample_2.Rmd' --- re-building 'user_sample_3.Rmd' using rmarkdown File figure/bias_plot-1.png not found in resource path Error: processing vignette 'user_sample_3.Rmd' failed with diagnostics: pandoc document conversion failed with error 99 --- failed re-building 'user_sample_3.Rmd' SUMMARY: processing the following files failed: 'user_sample_1.Rmd' 'user_sample_3.Rmd' Error: Vignette re-building failed. Execution halted Flavor: r-oldrel-windows-x86_64