Last updated on 2025-02-22 00:50:04 CET.
Flavor | Version | Tinstall | Tcheck | Ttotal | Status | Flags |
---|---|---|---|---|---|---|
r-devel-linux-x86_64-debian-clang | 0.2.2 | 3.08 | 36.94 | 40.02 | NOTE | |
r-devel-linux-x86_64-debian-gcc | 0.2.2 | 2.20 | 28.86 | 31.06 | NOTE | |
r-devel-linux-x86_64-fedora-clang | 0.2.2 | 67.45 | NOTE | |||
r-devel-linux-x86_64-fedora-gcc | 0.2.2 | 74.55 | NOTE | |||
r-devel-macos-arm64 | 0.2.2 | 35.00 | NOTE | |||
r-devel-macos-x86_64 | 0.2.2 | 60.00 | NOTE | |||
r-devel-windows-x86_64 | 0.2.2 | 7.00 | 61.00 | 68.00 | NOTE | |
r-patched-linux-x86_64 | 0.2.2 | 3.02 | 35.10 | 38.12 | OK | |
r-release-linux-x86_64 | 0.2.2 | 2.67 | 34.45 | 37.12 | OK | |
r-release-macos-arm64 | 0.2.2 | 36.00 | OK | |||
r-release-macos-x86_64 | 0.2.2 | 53.00 | OK | |||
r-release-windows-x86_64 | 0.2.2 | 7.00 | 59.00 | 66.00 | OK | |
r-oldrel-macos-arm64 | 0.2.2 | 29.00 | OK | |||
r-oldrel-macos-x86_64 | 0.2.2 | 61.00 | OK | |||
r-oldrel-windows-x86_64 | 0.2.2 | 8.00 | 62.00 | 70.00 | OK |
Version: 0.2.2
Check: compiled code
Result: NOTE
File ‘typetracer/libs/typetracer.so’:
Found non-API call to R: ‘SET_BODY’
Compiled code should not call non-API entry points in R.
See ‘Writing portable packages’ in the ‘Writing R Extensions’ manual,
and section ‘Moving into C API compliance’ for issues with the use of
non-API entry points.
Flavors: r-devel-linux-x86_64-debian-clang, r-devel-linux-x86_64-debian-gcc, r-devel-linux-x86_64-fedora-clang, r-devel-linux-x86_64-fedora-gcc, r-devel-macos-arm64, r-devel-macos-x86_64
Version: 0.2.2
Check: compiled code
Result: NOTE
File 'typetracer/libs/x64/typetracer.dll':
Found non-API call to R: 'SET_BODY'
Compiled code should not call non-API entry points in R.
See 'Writing portable packages' in the 'Writing R Extensions' manual,
and section 'Moving into C API compliance' for issues with the use of
non-API entry points.
Flavor: r-devel-windows-x86_64