CRAN Package Check Results for Package txshift

Last updated on 2025-02-22 00:50:04 CET.

Flavor Version Tinstall Tcheck Ttotal Status Flags
r-devel-linux-x86_64-debian-clang 0.3.8 10.96 175.20 186.16 NOTE
r-devel-linux-x86_64-debian-gcc 0.3.8 7.75 111.25 119.00 NOTE
r-devel-linux-x86_64-fedora-clang 0.3.8 315.32 NOTE
r-devel-linux-x86_64-fedora-gcc 0.3.8 288.98 NOTE
r-devel-macos-arm64 0.3.8 80.00 NOTE
r-devel-macos-x86_64 0.3.8 173.00 NOTE
r-devel-windows-x86_64 0.3.8 11.00 172.00 183.00 NOTE
r-patched-linux-x86_64 0.3.8 12.04 160.21 172.25 NOTE
r-release-linux-x86_64 0.3.8 11.00 161.29 172.29 NOTE
r-release-macos-arm64 0.3.8 72.00 NOTE
r-release-macos-x86_64 0.3.8 124.00 NOTE
r-release-windows-x86_64 0.3.8 13.00 166.00 179.00 NOTE
r-oldrel-macos-arm64 0.3.8 85.00 NOTE
r-oldrel-macos-x86_64 0.3.8 140.00 NOTE
r-oldrel-windows-x86_64 0.3.8 17.00 226.00 243.00 NOTE

Check Details

Version: 0.3.8
Check: Rd files
Result: NOTE checkRd: (-1) est_g_exp.Rd:55: Lost braces; missing escapes or markup? 55 | {A - delta}, {A + delta}, and {A + 2 * delta}). | ^ checkRd: (-1) est_g_exp.Rd:55: Lost braces; missing escapes or markup? 55 | {A - delta}, {A + delta}, and {A + 2 * delta}). | ^ checkRd: (-1) est_g_exp.Rd:55: Lost braces; missing escapes or markup? 55 | {A - delta}, {A + delta}, and {A + 2 * delta}). | ^ Flavors: r-devel-linux-x86_64-debian-clang, r-devel-linux-x86_64-debian-gcc, r-devel-linux-x86_64-fedora-clang, r-devel-linux-x86_64-fedora-gcc, r-devel-macos-arm64, r-devel-macos-x86_64, r-devel-windows-x86_64, r-patched-linux-x86_64, r-release-linux-x86_64, r-release-macos-arm64, r-release-macos-x86_64, r-release-windows-x86_64

Version: 0.3.8
Check: package dependencies
Result: NOTE Package which this enhances but not available for checking: ‘sl3’ Flavors: r-patched-linux-x86_64, r-release-linux-x86_64, r-release-macos-arm64, r-release-macos-x86_64, r-release-windows-x86_64, r-oldrel-macos-arm64, r-oldrel-macos-x86_64, r-oldrel-windows-x86_64