CRAN Package Check Results for Package tvgeom

Last updated on 2025-07-21 01:49:19 CEST.

Flavor Version Tinstall Tcheck Ttotal Status Flags
r-devel-linux-x86_64-debian-clang 1.0.1 1.66 36.74 38.40 NOTE
r-devel-linux-x86_64-debian-gcc 1.0.1 1.47 29.79 31.26 NOTE
r-devel-linux-x86_64-fedora-clang 1.0.1 62.74 OK
r-devel-linux-x86_64-fedora-gcc 1.0.1 71.71 OK
r-devel-windows-x86_64 1.0.1 2.00 56.00 58.00 OK
r-patched-linux-x86_64 1.0.1 1.76 34.47 36.23 OK
r-release-linux-x86_64 1.0.1 1.56 34.69 36.25 OK
r-release-macos-arm64 1.0.1 41.00 OK
r-release-macos-x86_64 1.0.1 53.00 OK
r-release-windows-x86_64 1.0.1 3.00 56.00 59.00 OK
r-oldrel-macos-arm64 1.0.1 28.00 NOTE
r-oldrel-macos-x86_64 1.0.1 42.00 NOTE
r-oldrel-windows-x86_64 1.0.1 4.00 64.00 68.00 NOTE

Check Details

Version: 1.0.1
Check: CRAN incoming feasibility
Result: NOTE Maintainer: ‘Vincent Landau <vincent@csp-inc.org>’ Package CITATION file contains call(s) to old-style personList() or as.personList(). Please use c() on person objects instead. Package CITATION file contains call(s) to old-style citEntry(). Please use bibentry() instead. Flavors: r-devel-linux-x86_64-debian-clang, r-devel-linux-x86_64-debian-gcc

Version: 1.0.1
Check: LazyData
Result: NOTE 'LazyData' is specified without a 'data' directory Flavors: r-oldrel-macos-arm64, r-oldrel-macos-x86_64, r-oldrel-windows-x86_64