Last updated on 2025-04-29 01:49:51 CEST.
Flavor | Version | Tinstall | Tcheck | Ttotal | Status | Flags |
---|---|---|---|---|---|---|
r-devel-linux-x86_64-debian-clang | 1.6 | 26.74 | 207.92 | 234.66 | NOTE | |
r-devel-linux-x86_64-debian-gcc | 1.6 | 19.14 | 152.87 | 172.01 | NOTE | |
r-devel-linux-x86_64-fedora-clang | 1.6 | 401.18 | OK | |||
r-devel-linux-x86_64-fedora-gcc | 1.6 | 355.73 | OK | |||
r-devel-windows-x86_64 | 1.6 | 24.00 | 180.00 | 204.00 | NOTE | |
r-patched-linux-x86_64 | 1.6 | 26.67 | 199.45 | 226.12 | NOTE | |
r-release-linux-x86_64 | 1.6 | 25.08 | 196.28 | 221.36 | NOTE | |
r-release-macos-arm64 | 1.6 | 90.00 | OK | |||
r-release-macos-x86_64 | 1.6 | 193.00 | OK | |||
r-release-windows-x86_64 | 1.6 | 24.00 | 190.00 | 214.00 | NOTE | |
r-oldrel-macos-arm64 | 1.6 | 86.00 | OK | |||
r-oldrel-macos-x86_64 | 1.6 | 139.00 | OK | |||
r-oldrel-windows-x86_64 | 1.6 | 25.00 | 246.00 | 271.00 | OK |
Version: 1.6
Check: Rd cross-references
Result: NOTE
Found the following Rd file(s) with Rd \link{} targets missing package
anchors:
ttScreening-package.Rd: sva
Please provide package anchors for all Rd \link{} targets not in the
package itself and the base packages.
Flavors: r-devel-linux-x86_64-debian-clang, r-devel-linux-x86_64-debian-gcc, r-devel-windows-x86_64, r-patched-linux-x86_64, r-release-linux-x86_64, r-release-windows-x86_64
Version: 1.6
Check: CRAN incoming feasibility
Result: NOTE
Maintainer: ‘Meredith Ray <maray@memphis.edu>’
No Authors@R field in DESCRIPTION.
Please add one, modifying
Authors@R: c(person(given = "Meredith",
family = "Ray",
role = c("aut", "cre"),
email = "maray@memphis.edu"),
person(given = "Xin",
family = "Tong",
role = "aut"),
person(given = "Hongmei",
family = "Zhang",
role = "aut"))
as necessary.
Flavor: r-devel-linux-x86_64-debian-gcc