Last updated on 2025-04-29 01:49:51 CEST.
Flavor | Version | Tinstall | Tcheck | Ttotal | Status | Flags |
---|---|---|---|---|---|---|
r-devel-linux-x86_64-debian-clang | 0.3.2 | 3.33 | 28.31 | 31.64 | OK | |
r-devel-linux-x86_64-debian-gcc | 0.3.2 | 2.62 | 21.62 | 24.24 | NOTE | |
r-devel-linux-x86_64-fedora-clang | 0.3.2 | 49.71 | OK | |||
r-devel-linux-x86_64-fedora-gcc | 0.3.2 | 49.03 | OK | |||
r-devel-windows-x86_64 | 0.3.2 | 6.00 | 51.00 | 57.00 | OK | |
r-patched-linux-x86_64 | 0.3.2 | 3.76 | 27.12 | 30.88 | OK | |
r-release-linux-x86_64 | 0.3.2 | 3.25 | 27.37 | 30.62 | OK | |
r-release-macos-arm64 | 0.3.2 | 24.00 | OK | |||
r-release-macos-x86_64 | 0.3.2 | 33.00 | OK | |||
r-release-windows-x86_64 | 0.3.2 | 5.00 | 51.00 | 56.00 | OK | |
r-oldrel-macos-arm64 | 0.3.2 | 19.00 | OK | |||
r-oldrel-macos-x86_64 | 0.3.2 | 29.00 | OK | |||
r-oldrel-windows-x86_64 | 0.3.2 | 6.00 | 54.00 | 60.00 | OK |
Version: 0.3.2
Check: CRAN incoming feasibility
Result: NOTE
Maintainer: ‘Michał Narajewski <michal.narajewski@uni-due.de>’
Package CITATION file contains call(s) to old-style personList() or
as.personList(). Please use c() on person objects instead.
Package CITATION file contains call(s) to old-style citEntry(). Please
use bibentry() instead.
Flavor: r-devel-linux-x86_64-debian-gcc