Last updated on 2024-08-16 12:49:23 CEST.
Flavor | Version | Tinstall | Tcheck | Ttotal | Status | Flags |
---|---|---|---|---|---|---|
r-devel-linux-x86_64-debian-clang | 0.1.0 | 617.87 | 250.35 | 868.22 | OK | |
r-devel-linux-x86_64-debian-gcc | 0.1.0 | 472.19 | 205.05 | 677.24 | OK | |
r-devel-linux-x86_64-fedora-clang | 0.1.0 | 1340.35 | NOTE | |||
r-devel-linux-x86_64-fedora-gcc | 0.1.0 | 1762.28 | NOTE | |||
r-devel-windows-x86_64 | 0.1.0 | 484.00 | 361.00 | 845.00 | NOTE | |
r-patched-linux-x86_64 | 0.1.0 | 616.03 | 288.49 | 904.52 | OK | |
r-release-linux-x86_64 | 0.1.0 | 638.17 | 290.37 | 928.54 | OK | |
r-release-macos-arm64 | 0.1.0 | 281.00 | NOTE | |||
r-release-macos-x86_64 | 0.1.0 | 318.00 | NOTE | |||
r-release-windows-x86_64 | 0.1.0 | 490.00 | 356.00 | 846.00 | NOTE | |
r-oldrel-macos-arm64 | 0.1.0 | 262.00 | NOTE | |||
r-oldrel-macos-x86_64 | 0.1.0 | 469.00 | NOTE | |||
r-oldrel-windows-x86_64 | 0.1.0 | 683.00 | 411.00 | 1094.00 | NOTE |
Version: 0.1.0
Check: installed package size
Result: NOTE
installed size is 6.9Mb
sub-directories of 1Mb or more:
libs 5.9Mb
Flavors: r-devel-linux-x86_64-fedora-clang, r-devel-windows-x86_64, r-release-macos-arm64, r-release-macos-x86_64, r-release-windows-x86_64, r-oldrel-macos-arm64, r-oldrel-macos-x86_64, r-oldrel-windows-x86_64
Version: 0.1.0
Check: for GNU extensions in Makefiles
Result: NOTE
GNU make is a SystemRequirements.
Flavors: r-devel-linux-x86_64-fedora-clang, r-devel-linux-x86_64-fedora-gcc, r-release-macos-arm64, r-release-macos-x86_64, r-oldrel-macos-arm64, r-oldrel-macos-x86_64