Last updated on 2025-11-05 00:49:48 CET.
| Flavor | Version | Tinstall | Tcheck | Ttotal | Status | Flags |
|---|---|---|---|---|---|---|
| r-devel-linux-x86_64-debian-clang | 0.1.0 | 12.12 | 82.56 | 94.68 | OK | |
| r-devel-linux-x86_64-debian-gcc | 0.1.0 | 8.29 | 60.06 | 68.35 | OK | |
| r-devel-linux-x86_64-fedora-clang | 0.1.0 | 31.00 | 115.80 | 146.80 | NOTE | |
| r-devel-linux-x86_64-fedora-gcc | 0.1.0 | 23.00 | 113.77 | 136.77 | NOTE | |
| r-devel-windows-x86_64 | 0.1.0 | 13.00 | 85.00 | 98.00 | OK | |
| r-patched-linux-x86_64 | 0.1.0 | 9.86 | 75.75 | 85.61 | OK | |
| r-release-linux-x86_64 | 0.1.0 | 12.19 | 77.09 | 89.28 | OK | |
| r-release-macos-arm64 | 0.1.0 | 5.00 | 44.00 | 49.00 | OK | |
| r-release-macos-x86_64 | 0.1.0 | 9.00 | 53.00 | 62.00 | OK | |
| r-release-windows-x86_64 | 0.1.0 | 12.00 | 92.00 | 104.00 | OK | |
| r-oldrel-macos-arm64 | 0.1.0 | 5.00 | 31.00 | 36.00 | OK | |
| r-oldrel-macos-x86_64 | 0.1.0 | 7.00 | 64.00 | 71.00 | OK | |
| r-oldrel-windows-x86_64 | 0.1.0 | 18.00 | 114.00 | 132.00 | OK |
Version: 0.1.0
Check: dependencies in R code
Result: NOTE
Namespaces in Imports field not imported from:
‘R6’ ‘crosstalk’
All declared Imports should be used.
Flavors: r-devel-linux-x86_64-fedora-clang, r-devel-linux-x86_64-fedora-gcc