CRAN Package Check Results for Package tsSelect

Last updated on 2025-05-19 12:50:20 CEST.

Flavor Version Tinstall Tcheck Ttotal Status Flags
r-devel-linux-x86_64-debian-clang 0.1.8 6.73 65.03 71.76 NOTE
r-devel-linux-x86_64-debian-gcc 0.1.8 4.49 46.02 50.51 NOTE
r-devel-linux-x86_64-fedora-clang 0.1.8 111.42 OK
r-devel-linux-x86_64-fedora-gcc 0.1.8 107.44 OK
r-devel-windows-x86_64 0.1.8 8.00 83.00 91.00 OK
r-patched-linux-x86_64 0.1.8 6.52 60.57 67.09 OK
r-release-linux-x86_64 0.1.8 5.77 60.51 66.28 OK
r-release-macos-arm64 0.1.8 31.00 OK
r-release-macos-x86_64 0.1.8 61.00 OK
r-release-windows-x86_64 0.1.8 10.00 80.00 90.00 OK
r-oldrel-macos-arm64 0.1.8 30.00 OK
r-oldrel-macos-x86_64 0.1.8 46.00 OK
r-oldrel-windows-x86_64 0.1.8 12.00 95.00 107.00 OK

Check Details

Version: 0.1.8
Check: CRAN incoming feasibility
Result: NOTE Maintainer: ‘Avi Blinder <aviblinder@gmail.com>’ No Authors@R field in DESCRIPTION. Please add one, modifying Authors@R: person(given = "Avi", family = "Blinder", role = c("aut", "cre"), email = "aviblinder@gmail.com") as necessary. Flavors: r-devel-linux-x86_64-debian-clang, r-devel-linux-x86_64-debian-gcc