Last updated on 2025-02-22 00:50:03 CET.
Flavor | Version | Tinstall | Tcheck | Ttotal | Status | Flags |
---|---|---|---|---|---|---|
r-devel-linux-x86_64-debian-clang | 0.2.0 | 2.05 | 22.73 | 24.78 | OK | |
r-devel-linux-x86_64-debian-gcc | 0.2.0 | 1.52 | 16.80 | 18.32 | OK | |
r-devel-linux-x86_64-fedora-clang | 0.2.0 | 42.17 | OK | |||
r-devel-linux-x86_64-fedora-gcc | 0.2.0 | 38.26 | OK | |||
r-devel-macos-arm64 | 0.2.0 | 18.00 | OK | |||
r-devel-macos-x86_64 | 0.2.0 | 27.00 | OK | |||
r-devel-windows-x86_64 | 0.2.0 | 4.00 | 52.00 | 56.00 | OK | |
r-patched-linux-x86_64 | 0.2.0 | 1.90 | 21.44 | 23.34 | NOTE | |
r-release-linux-x86_64 | 0.2.0 | 1.42 | 21.62 | 23.04 | NOTE | |
r-release-macos-arm64 | 0.2.0 | 20.00 | NOTE | |||
r-release-macos-x86_64 | 0.2.0 | 23.00 | NOTE | |||
r-release-windows-x86_64 | 0.2.0 | 3.00 | 45.00 | 48.00 | NOTE | |
r-oldrel-macos-arm64 | 0.2.0 | 19.00 | NOTE | |||
r-oldrel-macos-x86_64 | 0.2.0 | 22.00 | NOTE | |||
r-oldrel-windows-x86_64 | 0.2.0 | 4.00 | 45.00 | 49.00 | NOTE |
Version: 0.2.0
Check: LazyData
Result: NOTE
'LazyData' is specified without a 'data' directory
Flavors: r-patched-linux-x86_64, r-release-linux-x86_64, r-release-macos-arm64, r-release-macos-x86_64, r-release-windows-x86_64, r-oldrel-macos-arm64, r-oldrel-macos-x86_64, r-oldrel-windows-x86_64