Last updated on 2025-04-29 01:49:51 CEST.
Flavor | Version | Tinstall | Tcheck | Ttotal | Status | Flags |
---|---|---|---|---|---|---|
r-devel-linux-x86_64-debian-clang | 0.0-46 | 8.80 | 68.75 | 77.55 | OK | |
r-devel-linux-x86_64-debian-gcc | 0.0-46 | 6.68 | 51.07 | 57.75 | NOTE | |
r-devel-linux-x86_64-fedora-clang | 0.0-46 | 119.48 | OK | |||
r-devel-linux-x86_64-fedora-gcc | 0.0-46 | 114.45 | OK | |||
r-devel-windows-x86_64 | 0.0-46 | 9.00 | 81.00 | 90.00 | OK | |
r-patched-linux-x86_64 | 0.0-46 | 8.62 | 67.00 | 75.62 | OK | |
r-release-linux-x86_64 | 0.0-46 | 6.62 | 66.36 | 72.98 | OK | |
r-release-macos-arm64 | 0.0-46 | 41.00 | OK | |||
r-release-macos-x86_64 | 0.0-46 | 75.00 | OK | |||
r-release-windows-x86_64 | 0.0-46 | 9.00 | 82.00 | 91.00 | OK | |
r-oldrel-macos-arm64 | 0.0-46 | 35.00 | OK | |||
r-oldrel-macos-x86_64 | 0.0-46 | 53.00 | OK | |||
r-oldrel-windows-x86_64 | 0.0-46 | 13.00 | 99.00 | 112.00 | OK |
Version: 0.0-46
Check: CRAN incoming feasibility
Result: NOTE
Maintainer: ‘Michael D. Sumner <mdsumner@gmail.com>’
The BugReports field in DESCRIPTION has
https://github.com/Trackage/tripEstimation
which should likely be
https://github.com/Trackage/tripEstimation/issues
instead.
Flavor: r-devel-linux-x86_64-debian-gcc