Last updated on 2025-05-19 12:50:20 CEST.
Flavor | Version | Tinstall | Tcheck | Ttotal | Status | Flags |
---|---|---|---|---|---|---|
r-devel-linux-x86_64-debian-clang | 0.1-5 | 1.71 | 19.30 | 21.01 | NOTE | |
r-devel-linux-x86_64-debian-gcc | 0.1-5 | 1.27 | 15.59 | 16.86 | NOTE | |
r-devel-linux-x86_64-fedora-clang | 0.1-5 | 33.23 | OK | |||
r-devel-linux-x86_64-fedora-gcc | 0.1-5 | 31.84 | OK | |||
r-devel-windows-x86_64 | 0.1-5 | 3.00 | 47.00 | 50.00 | OK | |
r-patched-linux-x86_64 | 0.1-5 | 1.50 | 18.78 | 20.28 | OK | |
r-release-linux-x86_64 | 0.1-5 | 1.67 | 18.52 | 20.19 | OK | |
r-release-macos-arm64 | 0.1-5 | 16.00 | OK | |||
r-release-macos-x86_64 | 0.1-5 | 25.00 | OK | |||
r-release-windows-x86_64 | 0.1-5 | 3.00 | 43.00 | 46.00 | OK | |
r-oldrel-macos-arm64 | 0.1-5 | 14.00 | OK | |||
r-oldrel-macos-x86_64 | 0.1-5 | 20.00 | OK | |||
r-oldrel-windows-x86_64 | 0.1-5 | 3.00 | 45.00 | 48.00 | OK |
Version: 0.1-5
Check: CRAN incoming feasibility
Result: NOTE
Maintainer: ‘Valentin Todorov <valentin.todorov@chello.at>’
No Authors@R field in DESCRIPTION.
Please add one, modifying
Authors@R: c(person(given = "Christian",
family = "Hennig",
role = "aut",
email = "chrish@stats.ucl.ac.uk"),
person(given = "Valentin",
family = "Todorov",
role = "cre",
email = "valentin.todorov@chello.at"))
as necessary.
Flavors: r-devel-linux-x86_64-debian-clang, r-devel-linux-x86_64-debian-gcc