Last updated on 2025-05-19 01:50:11 CEST.
Flavor | Version | Tinstall | Tcheck | Ttotal | Status | Flags |
---|---|---|---|---|---|---|
r-devel-linux-x86_64-debian-clang | 1.0.3 | 3.31 | 112.16 | 115.47 | OK | |
r-devel-linux-x86_64-debian-gcc | 1.0.3 | 2.20 | 77.06 | 79.26 | OK | |
r-devel-linux-x86_64-fedora-clang | 1.0.3 | 195.31 | OK | |||
r-devel-linux-x86_64-fedora-gcc | 1.0.3 | 204.15 | OK | |||
r-devel-windows-x86_64 | 1.0.3 | 5.00 | 130.00 | 135.00 | OK | |
r-patched-linux-x86_64 | 1.0.3 | 3.07 | 109.72 | 112.79 | OK | |
r-release-linux-x86_64 | 1.0.3 | 3.25 | 107.72 | 110.97 | OK | |
r-release-macos-arm64 | 1.0.3 | 98.00 | OK | |||
r-release-macos-x86_64 | 1.0.3 | 127.00 | OK | |||
r-release-windows-x86_64 | 1.0.3 | 6.00 | 131.00 | 137.00 | OK | |
r-oldrel-macos-arm64 | 1.0.3 | 59.00 | NOTE | |||
r-oldrel-macos-x86_64 | 1.0.3 | 107.00 | NOTE | |||
r-oldrel-windows-x86_64 | 1.0.3 | 6.00 | 160.00 | 166.00 | NOTE |
Version: 1.0.3
Check: package dependencies
Result: NOTE
Package suggested but not available for checking: ‘fwelnet’
Flavors: r-oldrel-macos-arm64, r-oldrel-macos-x86_64
Version: 1.0.3
Check: package dependencies
Result: NOTE
Packages suggested but not available for checking: 'fwelnet', 'doMC'
Flavor: r-oldrel-windows-x86_64