Last updated on 2024-06-30 00:59:29 CEST.
Flavor | Version | Tinstall | Tcheck | Ttotal | Status | Flags |
---|---|---|---|---|---|---|
r-devel-linux-x86_64-debian-clang | 0.1.5 | 18.45 | 58.36 | 76.81 | NOTE | |
r-devel-linux-x86_64-debian-gcc | 0.1.5 | 15.41 | 43.36 | 58.77 | NOTE | |
r-devel-linux-x86_64-fedora-clang | 0.1.5 | 104.12 | NOTE | |||
r-devel-linux-x86_64-fedora-gcc | 0.1.5 | 97.62 | NOTE | |||
r-devel-windows-x86_64 | 0.1.5 | 19.00 | 67.00 | 86.00 | NOTE | |
r-patched-linux-x86_64 | 0.1.5 | 20.21 | 54.61 | 74.82 | OK | |
r-release-linux-x86_64 | 0.1.5 | 21.91 | 54.71 | 76.62 | OK | |
r-release-macos-arm64 | 0.1.5 | 28.00 | OK | |||
r-release-macos-x86_64 | 0.1.5 | 41.00 | OK | |||
r-release-windows-x86_64 | 0.1.5 | 19.00 | 65.00 | 84.00 | OK | |
r-oldrel-macos-arm64 | 0.1.5 | 41.00 | OK | |||
r-oldrel-macos-x86_64 | 0.1.5 | 64.00 | OK | |||
r-oldrel-windows-x86_64 | 0.1.5 | 23.00 | 75.00 | 98.00 | OK |
Version: 0.1.5
Check: compiled code
Result: NOTE
File ‘transformr/libs/transformr.so’:
Found non-API calls to R: ‘SETLENGTH’, ‘SET_GROWABLE_BIT’,
‘SET_TRUELENGTH’
Compiled code should not call non-API entry points in R.
See ‘Writing portable packages’ in the ‘Writing R Extensions’ manual.
See section ‘Moving into C API compliance’ in the ‘Writing R
Extensions’ manual for issues with use of non-API entry points.
Flavors: r-devel-linux-x86_64-debian-clang, r-devel-linux-x86_64-debian-gcc, r-devel-linux-x86_64-fedora-clang
Version: 0.1.5
Check: compiled code
Result: NOTE
File ‘transformr/libs/transformr.so’:
Found non-API calls to R: ‘SETLENGTH’, ‘SET_GROWABLE_BIT’,
‘SET_TRUELENGTH’
Compiled code should not call non-API entry points in R.
See ‘Writing portable packages’ in the ‘Writing R Extensions’ manual.
Flavor: r-devel-linux-x86_64-fedora-gcc
Version: 0.1.5
Check: compiled code
Result: NOTE
File 'transformr/libs/x64/transformr.dll':
Found non-API calls to R: 'SETLENGTH', 'SET_GROWABLE_BIT',
'SET_TRUELENGTH'
Compiled code should not call non-API entry points in R.
See 'Writing portable packages' in the 'Writing R Extensions' manual.
See section 'Moving into C API compliance' in the 'Writing R
Extensions' manual for issues with use of non-API entry points.
Flavor: r-devel-windows-x86_64