Last updated on 2025-10-21 00:50:20 CEST.
Flavor | Version | Tinstall | Tcheck | Ttotal | Status | Flags |
---|---|---|---|---|---|---|
r-devel-linux-x86_64-debian-clang | 1.2-5 | 11.05 | 1314.77 | 1325.82 | OK | |
r-devel-linux-x86_64-debian-gcc | 1.2-5 | 8.02 | 841.63 | 849.65 | NOTE | |
r-devel-linux-x86_64-fedora-clang | 1.2-5 | 2077.52 | OK | |||
r-devel-linux-x86_64-fedora-gcc | 1.2-5 | 2096.44 | OK | |||
r-devel-windows-x86_64 | 1.2-5 | 14.00 | 441.00 | 455.00 | OK | |
r-patched-linux-x86_64 | 1.2-5 | 11.35 | 1295.31 | 1306.66 | OK | |
r-release-linux-x86_64 | 1.2-5 | 9.65 | 1298.89 | 1308.54 | OK | |
r-release-macos-arm64 | 1.2-5 | 595.00 | OK | |||
r-release-macos-x86_64 | 1.2-5 | 1239.00 | OK | |||
r-release-windows-x86_64 | 1.2-5 | 14.00 | 405.00 | 419.00 | OK | |
r-oldrel-macos-arm64 | 1.2-5 | 647.00 | OK | |||
r-oldrel-macos-x86_64 | 1.2-5 | 1327.00 | OK | |||
r-oldrel-windows-x86_64 | 1.2-5 | 18.00 | 617.00 | 635.00 | OK |
Version: 1.2-5
Check: top-level files
Result: NOTE
Found the following validation problem for the NEWS.Rd HTML conversion:
NEWS.html:504:1 (inst/NEWS.Rd:276): Warning: <h3> anchor "Changes-in-Version-0.4-0-+282020-05-11+29" already defined
NEWS.html:576:1 (inst/NEWS.Rd:317): Warning: <h4> anchor "Bugfixes" already defined
NEWS.html:591:1 (inst/NEWS.Rd:326): Warning: <h4> anchor "Bugfixes" already defined
Flavor: r-devel-linux-x86_64-debian-gcc