CRAN Package Check Results for Package tracheideR

Last updated on 2025-04-29 01:49:50 CEST.

Flavor Version Tinstall Tcheck Ttotal Status Flags
r-devel-linux-x86_64-debian-clang 0.1.1 2.20 24.13 26.33 OK
r-devel-linux-x86_64-debian-gcc 0.1.1 1.65 19.21 20.86 NOTE
r-devel-linux-x86_64-fedora-clang 0.1.1 41.86 OK
r-devel-linux-x86_64-fedora-gcc 0.1.1 39.66 OK
r-devel-windows-x86_64 0.1.1 3.00 50.00 53.00 OK
r-patched-linux-x86_64 0.1.1 2.18 23.42 25.60 OK
r-release-linux-x86_64 0.1.1 2.11 23.09 25.20 OK
r-release-macos-arm64 0.1.1 18.00 OK
r-release-macos-x86_64 0.1.1 30.00 OK
r-release-windows-x86_64 0.1.1 3.00 54.00 57.00 OK
r-oldrel-macos-arm64 0.1.1 19.00 OK
r-oldrel-macos-x86_64 0.1.1 26.00 OK
r-oldrel-windows-x86_64 0.1.1 4.00 51.00 55.00 OK

Check Details

Version: 0.1.1
Check: CRAN incoming feasibility
Result: NOTE Maintainer: ‘Filipe Campelo <fcampelo@uc.pt>’ No Authors@R field in DESCRIPTION. Please add one, modifying Authors@R: person(given = "Filipe", family = "Campelo", role = c("aut", "cre"), email = "fcampelo@uc.pt") as necessary. Flavor: r-devel-linux-x86_64-debian-gcc