Last updated on 2025-04-29 13:51:43 CEST.
Flavor | Version | Tinstall | Tcheck | Ttotal | Status | Flags |
---|---|---|---|---|---|---|
r-devel-linux-x86_64-debian-clang | 0.1.5 | 13.00 | 35.18 | 48.18 | NOTE | |
r-devel-linux-x86_64-debian-gcc | 0.1.5 | 9.29 | 27.17 | 36.46 | NOTE | |
r-devel-linux-x86_64-fedora-clang | 0.1.5 | 82.96 | NOTE | |||
r-devel-linux-x86_64-fedora-gcc | 0.1.5 | 77.92 | NOTE | |||
r-devel-windows-x86_64 | 0.1.5 | 16.00 | 77.00 | 93.00 | NOTE | |
r-patched-linux-x86_64 | 0.1.5 | 13.56 | 34.04 | 47.60 | NOTE | |
r-release-linux-x86_64 | 0.1.5 | 13.76 | 34.53 | 48.29 | NOTE | |
r-release-macos-arm64 | 0.1.5 | 30.00 | NOTE | |||
r-release-macos-x86_64 | 0.1.5 | 55.00 | NOTE | |||
r-release-windows-x86_64 | 0.1.5 | 16.00 | 82.00 | 98.00 | NOTE | |
r-oldrel-macos-arm64 | 0.1.5 | 33.00 | NOTE | |||
r-oldrel-macos-x86_64 | 0.1.5 | 44.00 | NOTE | |||
r-oldrel-windows-x86_64 | 0.1.5 | 19.00 | 87.00 | 106.00 | NOTE |
Version: 0.1.5
Check: CRAN incoming feasibility
Result: NOTE
Maintainer: ‘Kasper Welbers <kasperwelbers@gmail.com>’
No Authors@R field in DESCRIPTION.
Please add one, modifying
Authors@R: c(person(given = "Kasper",
family = "Welbers",
role = c("aut", "cre"),
email = "kasperwelbers@gmail.com"),
person(given = "Wouter",
family = "van Atteveldt",
role = "aut"))
as necessary.
Flavors: r-devel-linux-x86_64-debian-clang, r-devel-linux-x86_64-debian-gcc
Version: 0.1.5
Check: C++ specification
Result: NOTE
Specified C++11: please drop specification unless essential
Flavors: r-devel-linux-x86_64-debian-clang, r-devel-linux-x86_64-debian-gcc, r-devel-linux-x86_64-fedora-clang, r-devel-linux-x86_64-fedora-gcc, r-devel-windows-x86_64, r-patched-linux-x86_64, r-release-linux-x86_64, r-release-macos-arm64, r-release-macos-x86_64, r-release-windows-x86_64, r-oldrel-macos-arm64, r-oldrel-macos-x86_64, r-oldrel-windows-x86_64