Last updated on 2024-06-30 00:59:28 CEST.
Flavor | Version | Tinstall | Tcheck | Ttotal | Status | Flags |
---|---|---|---|---|---|---|
r-devel-linux-x86_64-debian-clang | 1.0.3 | 8.88 | 99.13 | 108.01 | OK | |
r-devel-linux-x86_64-debian-gcc | 1.0.3 | 6.99 | 74.03 | 81.02 | OK | |
r-devel-linux-x86_64-fedora-clang | 1.0.3 | 136.77 | OK | |||
r-devel-linux-x86_64-fedora-gcc | 1.0.3 | 142.00 | OK | |||
r-devel-windows-x86_64 | 1.0.3 | 9.00 | 98.00 | 107.00 | OK | |
r-patched-linux-x86_64 | 1.0.3 | 12.72 | 95.45 | 108.17 | OK | |
r-release-linux-x86_64 | 1.0.3 | 5.29 | 94.02 | 99.31 | OK | |
r-release-macos-arm64 | 1.0.3 | 46.00 | OK | |||
r-release-macos-x86_64 | 1.0.3 | 87.00 | OK | |||
r-release-windows-x86_64 | 1.0.3 | 8.00 | 98.00 | 106.00 | OK | |
r-oldrel-macos-arm64 | 1.0.3 | 68.00 | ERROR | |||
r-oldrel-macos-x86_64 | 1.0.3 | 101.00 | ERROR | |||
r-oldrel-windows-x86_64 | 1.0.3 | 11.00 | 113.00 | 124.00 | OK |
Version: 1.0.3
Check: running R code from vignettes
Result: ERROR
Errors in running code in vignettes:
when running code in ‘visualization-cookbook.Rmd’
...
Warning in grid.Call.graphics(C_text, as.graphicsAnnot(x$label), x$x, x$y, :
font family 'Halyard Display' not found in PostScript font database
Warning in grid.Call.graphics(C_text, as.graphicsAnnot(x$label), x$x, x$y, :
font family 'Halyard Display' not found in PostScript font database
Warning in grid.Call.graphics(C_text, as.graphicsAnnot(x$label), x$x, x$y, :
font family 'Halyard Display' not found in PostScript font database
When sourcing ‘visualization-cookbook.R’:
Error: invalid font type
Execution halted
‘visualization-cookbook.Rmd’ using ‘UTF-8’... failed
Flavors: r-oldrel-macos-arm64, r-oldrel-macos-x86_64