Last updated on 2025-04-29 13:51:43 CEST.
Flavor | Version | Tinstall | Tcheck | Ttotal | Status | Flags |
---|---|---|---|---|---|---|
r-devel-linux-x86_64-debian-clang | 0.0.5 | 2.96 | 36.30 | 39.26 | NOTE | |
r-devel-linux-x86_64-debian-gcc | 0.0.5 | 2.52 | 28.17 | 30.69 | NOTE | |
r-devel-linux-x86_64-fedora-clang | 0.0.5 | 55.09 | OK | |||
r-devel-linux-x86_64-fedora-gcc | 0.0.5 | 54.49 | OK | |||
r-devel-windows-x86_64 | 0.0.5 | 3.00 | 64.00 | 67.00 | OK | |
r-patched-linux-x86_64 | 0.0.5 | 3.13 | 35.34 | 38.47 | OK | |
r-release-linux-x86_64 | 0.0.5 | 2.91 | 35.52 | 38.43 | OK | |
r-release-macos-arm64 | 0.0.5 | 42.00 | OK | |||
r-release-macos-x86_64 | 0.0.5 | 49.00 | OK | |||
r-release-windows-x86_64 | 0.0.5 | 3.00 | 66.00 | 69.00 | OK | |
r-oldrel-macos-arm64 | 0.0.5 | 34.00 | OK | |||
r-oldrel-macos-x86_64 | 0.0.5 | 47.00 | OK | |||
r-oldrel-windows-x86_64 | 0.0.5 | 4.00 | 64.00 | 68.00 | OK |
Version: 0.0.5
Check: examples
Result: NOTE
Examples with CPU (user + system) or elapsed time > 5s
user system elapsed
tkimageCommands 6.824 1.183 10.209
tkImShow 3.266 0.656 7.444
Flavor: r-devel-linux-x86_64-debian-clang
Version: 0.0.5
Check: examples
Result: NOTE
Examples with CPU (user + system) or elapsed time > 5s
user system elapsed
tkimageCommands 5.190 0.197 5.787
tkImShow 2.657 0.343 6.151
Flavor: r-devel-linux-x86_64-debian-gcc