CRAN Package Check Results for Package tip

Last updated on 2025-07-20 12:49:39 CEST.

Flavor Version Tinstall Tcheck Ttotal Status Flags
r-devel-linux-x86_64-debian-clang 0.1.0 7.00 150.49 157.49 NOTE
r-devel-linux-x86_64-debian-gcc 0.1.0 4.16 98.56 102.72 NOTE
r-devel-linux-x86_64-fedora-clang 0.1.0 225.20 NOTE
r-devel-linux-x86_64-fedora-gcc 0.1.0 281.33 NOTE
r-devel-windows-x86_64 0.1.0 8.00 148.00 156.00 NOTE
r-patched-linux-x86_64 0.1.0 6.87 136.03 142.90 NOTE
r-release-linux-x86_64 0.1.0 6.46 135.38 141.84 NOTE
r-release-macos-arm64 0.1.0 88.00 NOTE
r-release-macos-x86_64 0.1.0 183.00 NOTE
r-release-windows-x86_64 0.1.0 8.00 137.00 145.00 NOTE
r-oldrel-macos-arm64 0.1.0 81.00 NOTE
r-oldrel-macos-x86_64 0.1.0 139.00 NOTE
r-oldrel-windows-x86_64 0.1.0 11.00 186.00 197.00 NOTE

Check Details

Version: 0.1.0
Check: Rd files
Result: NOTE checkRd: (-1) partition_undirected_graph.Rd:20: Lost braces; missing escapes or markup? 20 | \item{cutoff}{Numeric. The value max(0, g_{i,j} - cutoff) so that there are <\code{.num_components}> components in the graph.} | ^ Flavors: r-devel-linux-x86_64-debian-clang, r-devel-linux-x86_64-debian-gcc, r-devel-linux-x86_64-fedora-clang, r-devel-linux-x86_64-fedora-gcc, r-devel-windows-x86_64, r-patched-linux-x86_64, r-release-linux-x86_64, r-release-macos-arm64, r-release-macos-x86_64, r-release-windows-x86_64, r-oldrel-macos-arm64, r-oldrel-macos-x86_64, r-oldrel-windows-x86_64