Last updated on 2025-04-29 01:49:50 CEST.
Flavor | Version | Tinstall | Tcheck | Ttotal | Status | Flags |
---|---|---|---|---|---|---|
r-devel-linux-x86_64-debian-clang | 2.4.3 | 34.33 | 297.65 | 331.98 | OK | |
r-devel-linux-x86_64-debian-gcc | 2.4.3 | 24.40 | 224.00 | 248.40 | NOTE | |
r-devel-linux-x86_64-fedora-clang | 2.4.3 | 550.47 | OK | |||
r-devel-linux-x86_64-fedora-gcc | 2.4.3 | 501.67 | OK | |||
r-devel-windows-x86_64 | 2.4.3 | 35.00 | 299.00 | 334.00 | OK | |
r-patched-linux-x86_64 | 2.4.3 | 35.75 | 294.64 | 330.39 | OK | |
r-release-linux-x86_64 | 2.4.3 | 31.80 | 289.29 | 321.09 | OK | |
r-release-macos-arm64 | 2.4.3 | 134.00 | OK | |||
r-release-macos-x86_64 | 2.4.3 | 172.00 | OK | |||
r-release-windows-x86_64 | 2.4.3 | 39.00 | 298.00 | 337.00 | OK | |
r-oldrel-macos-arm64 | 2.4.3 | 96.00 | NOTE | |||
r-oldrel-macos-x86_64 | 2.4.3 | 197.00 | OK | |||
r-oldrel-windows-x86_64 | 2.4.3 | 45.00 | 415.00 | 460.00 | OK |
Version: 2.4.3
Check: examples
Result: NOTE
Examples with CPU (user + system) or elapsed time > 5s
user system elapsed
exp_surv 4.607 0.117 5.918
Flavor: r-devel-linux-x86_64-debian-gcc
Version: 2.4.3
Check: package dependencies
Result: NOTE
Packages suggested but not available for checking:
'org.Rn.eg.db', 'org.Mm.eg.db'
Flavor: r-oldrel-macos-arm64