Last updated on 2025-04-29 01:49:50 CEST.
Flavor | Version | Tinstall | Tcheck | Ttotal | Status | Flags |
---|---|---|---|---|---|---|
r-devel-linux-x86_64-debian-clang | 1.0.1 | 208.47 | 486.75 | 695.22 | OK | |
r-devel-linux-x86_64-debian-gcc | 1.0.1 | 182.91 | 401.43 | 584.34 | OK | |
r-devel-linux-x86_64-fedora-clang | 1.0.1 | 1089.69 | OK | |||
r-devel-linux-x86_64-fedora-gcc | 1.0.1 | 1321.42 | OK | |||
r-devel-windows-x86_64 | 1.0.1 | 212.00 | 569.00 | 781.00 | OK | |
r-patched-linux-x86_64 | 1.0.1 | 245.33 | 528.63 | 773.96 | OK | |
r-release-linux-x86_64 | 1.0.1 | 236.82 | 528.41 | 765.23 | OK | |
r-release-macos-arm64 | 1.0.1 | 331.00 | OK | |||
r-release-macos-x86_64 | 1.0.1 | 434.00 | OK | |||
r-release-windows-x86_64 | 1.0.1 | 204.00 | 543.00 | 747.00 | OK | |
r-oldrel-macos-arm64 | 1.0.1 | 290.00 | NOTE | |||
r-oldrel-macos-x86_64 | 1.0.1 | 429.00 | NOTE | |||
r-oldrel-windows-x86_64 | 1.0.1 | 277.00 | 723.00 | 1000.00 | NOTE |
Version: 1.0.1
Check: installed package size
Result: NOTE
installed size is 95.8Mb
sub-directories of 1Mb or more:
data 2.3Mb
libs 92.5Mb
Flavors: r-oldrel-macos-arm64, r-oldrel-macos-x86_64, r-oldrel-windows-x86_64