Last updated on 2025-04-29 01:49:50 CEST.
Flavor | Version | Tinstall | Tcheck | Ttotal | Status | Flags |
---|---|---|---|---|---|---|
r-devel-linux-x86_64-debian-clang | 0.7.0 | 9.19 | 527.40 | 536.59 | OK | |
r-devel-linux-x86_64-debian-gcc | 0.7.0 | 6.40 | 315.50 | 321.90 | NOTE | |
r-devel-linux-x86_64-fedora-clang | 0.7.0 | 841.61 | OK | |||
r-devel-linux-x86_64-fedora-gcc | 0.7.0 | 821.77 | OK | |||
r-devel-windows-x86_64 | 0.7.0 | 12.00 | 478.00 | 490.00 | OK | |
r-patched-linux-x86_64 | 0.7.0 | 11.48 | 506.40 | 517.88 | OK | |
r-release-linux-x86_64 | 0.7.0 | 10.40 | 505.19 | 515.59 | OK | |
r-release-macos-arm64 | 0.7.0 | 210.00 | OK | |||
r-release-macos-x86_64 | 0.7.0 | 306.00 | OK | |||
r-release-windows-x86_64 | 0.7.0 | 14.00 | 495.00 | 509.00 | OK | |
r-oldrel-macos-arm64 | 0.7.0 | 220.00 | OK | |||
r-oldrel-macos-x86_64 | 0.7.0 | 423.00 | OK | |||
r-oldrel-windows-x86_64 | 0.7.0 | 17.00 | 714.00 | 731.00 | OK |
Version: 0.7.0
Check: examples
Result: NOTE
Examples with CPU (user + system) or elapsed time > 5s
user system elapsed
solvedose_alk_once 6.425 0.066 7.402
solvedose_ph_once 4.482 0.055 5.193
chemdose_toc_once 3.614 0.064 7.635
balance_ions_chain 2.684 0.245 6.659
pac_toc_once 2.705 0.052 6.250
chemdose_ph_once 2.622 0.047 6.459
chemdose_toc_chain 2.512 0.057 5.573
balance_ions_once 1.965 0.115 6.471
define_water_chain 1.934 0.071 5.385
dissolve_pb_once 1.923 0.016 5.099
biofilter_toc_once 1.836 0.071 6.066
pluck_water 1.808 0.044 5.653
Flavor: r-devel-linux-x86_64-debian-gcc