Last updated on 2025-02-21 01:50:48 CET.
Flavor | Version | Tinstall | Tcheck | Ttotal | Status | Flags |
---|---|---|---|---|---|---|
r-devel-linux-x86_64-debian-clang | 0.8.0 | 25.27 | 262.47 | 287.74 | NOTE | |
r-devel-linux-x86_64-debian-gcc | 0.8.0 | 19.87 | 173.08 | 192.95 | NOTE | |
r-devel-linux-x86_64-fedora-clang | 0.8.0 | 487.33 | OK | |||
r-devel-linux-x86_64-fedora-gcc | 0.8.0 | 474.34 | OK | |||
r-devel-macos-arm64 | 0.8.0 | 121.00 | OK | |||
r-devel-macos-x86_64 | 0.8.0 | 237.00 | OK | |||
r-devel-windows-x86_64 | 0.8.0 | 26.00 | 249.00 | 275.00 | NOTE | |
r-patched-linux-x86_64 | 0.8.0 | 34.88 | 242.09 | 276.97 | OK | |
r-release-linux-x86_64 | 0.8.0 | 24.12 | 237.99 | 262.11 | OK | |
r-release-macos-arm64 | 0.8.0 | 122.00 | NOTE | |||
r-release-macos-x86_64 | 0.8.0 | 184.00 | OK | |||
r-release-windows-x86_64 | 0.8.0 | 25.00 | 240.00 | 265.00 | OK | |
r-oldrel-macos-arm64 | 0.8.0 | 118.00 | NOTE | |||
r-oldrel-macos-x86_64 | 0.8.0 | 283.00 | NOTE | |||
r-oldrel-windows-x86_64 | 0.8.0 | 36.00 | 299.00 | 335.00 | OK |
Version: 0.8.0
Check: Rd cross-references
Result: NOTE
Found the following Rd file(s) with Rd \link{} targets missing package
anchors:
formatting.Rd: tbl_format_setup
Please provide package anchors for all Rd \link{} targets not in the
package itself and the base packages.
Flavors: r-devel-linux-x86_64-debian-clang, r-devel-linux-x86_64-debian-gcc, r-devel-windows-x86_64
Version: 0.8.0
Check: package dependencies
Result: NOTE
Package suggested but not available for checking: ‘SingleR’
Flavors: r-release-macos-arm64, r-oldrel-macos-arm64, r-oldrel-macos-x86_64