CRAN Package Check Results for Package tidygraph

Last updated on 2025-05-19 01:50:10 CEST.

Flavor Version Tinstall Tcheck Ttotal Status Flags
r-devel-linux-x86_64-debian-clang 1.3.1 14.38 85.72 100.10 NOTE
r-devel-linux-x86_64-debian-gcc 1.3.1 9.07 59.39 68.46 NOTE
r-devel-linux-x86_64-fedora-clang 1.3.1 162.72 NOTE
r-devel-linux-x86_64-fedora-gcc 1.3.1 146.60 NOTE
r-devel-windows-x86_64 1.3.1 18.00 115.00 133.00 NOTE
r-patched-linux-x86_64 1.3.1 15.79 77.65 93.44 NOTE
r-release-linux-x86_64 1.3.1 12.92 77.35 90.27 NOTE
r-release-macos-arm64 1.3.1 44.00 NOTE
r-release-macos-x86_64 1.3.1 78.00 NOTE
r-release-windows-x86_64 1.3.1 21.00 115.00 136.00 NOTE
r-oldrel-macos-arm64 1.3.1 41.00 OK
r-oldrel-macos-x86_64 1.3.1 63.00 OK
r-oldrel-windows-x86_64 1.3.1 24.00 131.00 155.00 OK

Check Details

Version: 1.3.1
Check: DESCRIPTION meta-information
Result: NOTE Missing dependency on R >= 4.1.0 because package code uses the pipe |> or function shorthand \(...) syntax added in R 4.1.0. File(s) using such syntax: ‘iterate.Rd’ ‘random_walk_rank.Rd’ Flavors: r-devel-linux-x86_64-debian-clang, r-devel-linux-x86_64-debian-gcc, r-devel-linux-x86_64-fedora-clang, r-devel-linux-x86_64-fedora-gcc, r-devel-windows-x86_64, r-patched-linux-x86_64, r-release-linux-x86_64, r-release-macos-arm64, r-release-macos-x86_64, r-release-windows-x86_64