Last updated on 2025-05-19 12:50:20 CEST.
Flavor | Version | Tinstall | Tcheck | Ttotal | Status | Flags |
---|---|---|---|---|---|---|
r-devel-linux-x86_64-debian-clang | 0.0.1 | 6.89 | 61.12 | 68.01 | NOTE | |
r-devel-linux-x86_64-debian-gcc | 0.0.1 | 4.65 | 43.85 | 48.50 | NOTE | |
r-devel-linux-x86_64-fedora-clang | 0.0.1 | 103.03 | OK | |||
r-devel-linux-x86_64-fedora-gcc | 0.0.1 | 99.34 | OK | |||
r-devel-windows-x86_64 | 0.0.1 | 9.00 | 73.00 | 82.00 | OK | |
r-patched-linux-x86_64 | 0.0.1 | 6.81 | 55.29 | 62.10 | OK | |
r-release-linux-x86_64 | 0.0.1 | 6.71 | 54.85 | 61.56 | OK | |
r-release-macos-arm64 | 0.0.1 | 39.00 | OK | |||
r-release-macos-x86_64 | 0.0.1 | 53.00 | OK | |||
r-release-windows-x86_64 | 0.0.1 | 10.00 | 77.00 | 87.00 | OK | |
r-oldrel-macos-arm64 | 0.0.1 | 30.00 | OK | |||
r-oldrel-macos-x86_64 | 0.0.1 | 44.00 | OK | |||
r-oldrel-windows-x86_64 | 0.0.1 | 10.00 | 83.00 | 93.00 | OK |
Version: 0.0.1
Check: CRAN incoming feasibility
Result: NOTE
Maintainer: ‘Robert Myles McDonnell <robertmylesmcdonnell@gmail.com>’
No Authors@R field in DESCRIPTION.
Please add one, modifying
Authors@R: person(given = c("Robert", "Myles"),
family = "McDonnell",
role = c("aut", "cre"),
email = "robertmylesmcdonnell@gmail.com")
as necessary.
Flavors: r-devel-linux-x86_64-debian-clang, r-devel-linux-x86_64-debian-gcc