Last updated on 2025-07-20 12:49:39 CEST.
Flavor | Version | Tinstall | Tcheck | Ttotal | Status | Flags |
---|---|---|---|---|---|---|
r-devel-linux-x86_64-debian-clang | 0.4.1 | 6.73 | 147.51 | 154.24 | NOTE | |
r-devel-linux-x86_64-debian-gcc | 0.4.1 | 5.11 | 104.67 | 109.78 | ERROR | |
r-devel-linux-x86_64-fedora-clang | 0.4.1 | 240.59 | ERROR | |||
r-devel-linux-x86_64-fedora-gcc | 0.4.1 | 237.94 | ERROR | |||
r-devel-windows-x86_64 | 0.4.1 | 9.00 | 153.00 | 162.00 | NOTE | |
r-patched-linux-x86_64 | 0.4.1 | 8.06 | 135.80 | 143.86 | NOTE | |
r-release-linux-x86_64 | 0.4.1 | 7.13 | 136.57 | 143.70 | ERROR | |
r-release-macos-arm64 | 0.4.1 | 77.00 | OK | |||
r-release-macos-x86_64 | 0.4.1 | 140.00 | OK | |||
r-release-windows-x86_64 | 0.4.1 | 8.00 | 149.00 | 157.00 | ERROR | |
r-oldrel-macos-arm64 | 0.4.1 | 78.00 | OK | |||
r-oldrel-macos-x86_64 | 0.4.1 | 109.00 | OK | |||
r-oldrel-windows-x86_64 | 0.4.1 | 13.00 | 191.00 | 204.00 | OK |
Version: 0.4.1
Check: Rd cross-references
Result: NOTE
Found the following Rd file(s) with Rd \link{} targets missing package
anchors:
design_gray.Rd: ggplot2
design_grey.Rd: ggplot2
design_lmu.Rd: ggplot2
new_tdcmm.Rd: tibble
visualize.Rd: ggplot2
Please provide package anchors for all Rd \link{} targets not in the
package itself and the base packages.
Flavors: r-devel-linux-x86_64-debian-clang, r-devel-linux-x86_64-debian-gcc, r-devel-windows-x86_64, r-patched-linux-x86_64, r-release-linux-x86_64, r-release-windows-x86_64
Version: 0.4.1
Check: tests
Result: ERROR
Running ‘testthat.R’ [25s/35s]
Running the tests in ‘tests/testthat.R’ failed.
Complete output:
> library(testthat)
> library(tidycomm)
Attaching package: 'tidycomm'
The following object is masked from 'package:testthat':
describe
>
> test_check("tidycomm")
[ FAIL 3 | WARN 0 | SKIP 0 | PASS 388 ]
══ Failed tests ════════════════════════════════════════════════════════════════
── Failure ('test-tdcmm_visualize.R:41:3'): implemented visualize() calls return ggplot2 (gg) ──
visualize(correlate(WoJ, ethics_1, ethics_2, ethics_3)) inherits from 'ggmatrix'/'GGally::ggmatrix'/'S7_object' not 'gg'.
── Failure ('test-tdcmm_visualize.R:48:3'): implemented visualize() calls return ggplot2 (gg) ──
visualize(...) inherits from 'ggmatrix'/'GGally::ggmatrix'/'S7_object' not 'gg'.
── Failure ('test-tdcmm_visualize.R:59:3'): implemented visualize() calls return ggplot2 (gg) ──
`v` inherits from 'ggmatrix'/'GGally::ggmatrix'/'S7_object' not 'gg'.
[ FAIL 3 | WARN 0 | SKIP 0 | PASS 388 ]
Error: Test failures
Execution halted
Flavor: r-devel-linux-x86_64-debian-gcc
Version: 0.4.1
Check: tests
Result: ERROR
Running ‘testthat.R’ [58s/83s]
Running the tests in ‘tests/testthat.R’ failed.
Complete output:
> library(testthat)
> library(tidycomm)
Attaching package: 'tidycomm'
The following object is masked from 'package:testthat':
describe
>
> test_check("tidycomm")
[ FAIL 3 | WARN 0 | SKIP 0 | PASS 388 ]
══ Failed tests ════════════════════════════════════════════════════════════════
── Failure ('test-tdcmm_visualize.R:41:3'): implemented visualize() calls return ggplot2 (gg) ──
visualize(correlate(WoJ, ethics_1, ethics_2, ethics_3)) inherits from 'ggmatrix'/'GGally::ggmatrix'/'S7_object' not 'gg'.
── Failure ('test-tdcmm_visualize.R:48:3'): implemented visualize() calls return ggplot2 (gg) ──
visualize(...) inherits from 'ggmatrix'/'GGally::ggmatrix'/'S7_object' not 'gg'.
── Failure ('test-tdcmm_visualize.R:59:3'): implemented visualize() calls return ggplot2 (gg) ──
`v` inherits from 'ggmatrix'/'GGally::ggmatrix'/'S7_object' not 'gg'.
[ FAIL 3 | WARN 0 | SKIP 0 | PASS 388 ]
Error: Test failures
Execution halted
Flavor: r-devel-linux-x86_64-fedora-clang
Version: 0.4.1
Check: tests
Result: ERROR
Running ‘testthat.R’ [54s/69s]
Running the tests in ‘tests/testthat.R’ failed.
Complete output:
> library(testthat)
> library(tidycomm)
Attaching package: 'tidycomm'
The following object is masked from 'package:testthat':
describe
>
> test_check("tidycomm")
[ FAIL 3 | WARN 0 | SKIP 0 | PASS 388 ]
══ Failed tests ════════════════════════════════════════════════════════════════
── Failure ('test-tdcmm_visualize.R:41:3'): implemented visualize() calls return ggplot2 (gg) ──
visualize(correlate(WoJ, ethics_1, ethics_2, ethics_3)) inherits from 'ggmatrix'/'GGally::ggmatrix'/'S7_object' not 'gg'.
── Failure ('test-tdcmm_visualize.R:48:3'): implemented visualize() calls return ggplot2 (gg) ──
visualize(...) inherits from 'ggmatrix'/'GGally::ggmatrix'/'S7_object' not 'gg'.
── Failure ('test-tdcmm_visualize.R:59:3'): implemented visualize() calls return ggplot2 (gg) ──
`v` inherits from 'ggmatrix'/'GGally::ggmatrix'/'S7_object' not 'gg'.
[ FAIL 3 | WARN 0 | SKIP 0 | PASS 388 ]
Error: Test failures
Execution halted
Flavor: r-devel-linux-x86_64-fedora-gcc
Version: 0.4.1
Check: tests
Result: ERROR
Running ‘testthat.R’ [34s/38s]
Running the tests in ‘tests/testthat.R’ failed.
Complete output:
> library(testthat)
> library(tidycomm)
Attaching package: 'tidycomm'
The following object is masked from 'package:testthat':
describe
>
> test_check("tidycomm")
[ FAIL 3 | WARN 0 | SKIP 0 | PASS 388 ]
══ Failed tests ════════════════════════════════════════════════════════════════
── Failure ('test-tdcmm_visualize.R:41:3'): implemented visualize() calls return ggplot2 (gg) ──
visualize(correlate(WoJ, ethics_1, ethics_2, ethics_3)) inherits from 'ggmatrix'/'GGally::ggmatrix'/'S7_object' not 'gg'.
── Failure ('test-tdcmm_visualize.R:48:3'): implemented visualize() calls return ggplot2 (gg) ──
visualize(...) inherits from 'ggmatrix'/'GGally::ggmatrix'/'S7_object' not 'gg'.
── Failure ('test-tdcmm_visualize.R:59:3'): implemented visualize() calls return ggplot2 (gg) ──
`v` inherits from 'ggmatrix'/'GGally::ggmatrix'/'S7_object' not 'gg'.
[ FAIL 3 | WARN 0 | SKIP 0 | PASS 388 ]
Error: Test failures
Execution halted
Flavor: r-release-linux-x86_64
Version: 0.4.1
Check: tests
Result: ERROR
Running 'testthat.R' [33s]
Running the tests in 'tests/testthat.R' failed.
Complete output:
> library(testthat)
> library(tidycomm)
Attaching package: 'tidycomm'
The following object is masked from 'package:testthat':
describe
>
> test_check("tidycomm")
[ FAIL 3 | WARN 0 | SKIP 0 | PASS 388 ]
══ Failed tests ════════════════════════════════════════════════════════════════
── Failure ('test-tdcmm_visualize.R:41:3'): implemented visualize() calls return ggplot2 (gg) ──
visualize(correlate(WoJ, ethics_1, ethics_2, ethics_3)) inherits from 'ggmatrix'/'GGally::ggmatrix'/'S7_object' not 'gg'.
── Failure ('test-tdcmm_visualize.R:48:3'): implemented visualize() calls return ggplot2 (gg) ──
visualize(...) inherits from 'ggmatrix'/'GGally::ggmatrix'/'S7_object' not 'gg'.
── Failure ('test-tdcmm_visualize.R:59:3'): implemented visualize() calls return ggplot2 (gg) ──
`v` inherits from 'ggmatrix'/'GGally::ggmatrix'/'S7_object' not 'gg'.
[ FAIL 3 | WARN 0 | SKIP 0 | PASS 388 ]
Error: Test failures
Execution halted
Flavor: r-release-windows-x86_64