Last updated on 2024-08-16 12:49:22 CEST.
Flavor | Version | Tinstall | Tcheck | Ttotal | Status | Flags |
---|---|---|---|---|---|---|
r-devel-linux-x86_64-debian-clang | 1.6.5 | 12.72 | 81.10 | 93.82 | OK | |
r-devel-linux-x86_64-debian-gcc | 1.6.5 | 8.83 | 58.22 | 67.05 | OK | |
r-devel-linux-x86_64-fedora-clang | 1.6.5 | 154.04 | NOTE | |||
r-devel-linux-x86_64-fedora-gcc | 1.6.5 | 150.23 | NOTE | |||
r-devel-windows-x86_64 | 1.6.5 | 15.00 | 91.00 | 106.00 | OK | |
r-patched-linux-x86_64 | 1.6.5 | 12.09 | 76.77 | 88.86 | OK | |
r-release-linux-x86_64 | 1.6.5 | 12.18 | 77.57 | 89.75 | OK | |
r-release-macos-arm64 | 1.6.5 | 42.00 | OK | |||
r-release-macos-x86_64 | 1.6.5 | 125.00 | OK | |||
r-release-windows-x86_64 | 1.6.5 | 15.00 | 94.00 | 109.00 | OK | |
r-oldrel-macos-arm64 | 1.6.5 | 46.00 | OK | |||
r-oldrel-macos-x86_64 | 1.6.5 | 79.00 | OK | |||
r-oldrel-windows-x86_64 | 1.6.5 | 21.00 | 110.00 | 131.00 | OK |
Version: 1.6.5
Check: data for non-ASCII characters
Result: NOTE
Note: found 2 marked UTF-8 strings
Flavors: r-devel-linux-x86_64-fedora-clang, r-devel-linux-x86_64-fedora-gcc