Last updated on 2025-04-29 01:49:50 CEST.
Flavor | Version | Tinstall | Tcheck | Ttotal | Status | Flags |
---|---|---|---|---|---|---|
r-devel-linux-x86_64-debian-clang | 0.3.8 | 5.54 | 53.18 | 58.72 | OK | |
r-devel-linux-x86_64-debian-gcc | 0.3.8 | 3.92 | 42.81 | 46.73 | NOTE | |
r-devel-linux-x86_64-fedora-clang | 0.3.8 | 97.56 | OK | |||
r-devel-linux-x86_64-fedora-gcc | 0.3.8 | 100.71 | OK | |||
r-devel-windows-x86_64 | 0.3.8 | 7.00 | 75.00 | 82.00 | OK | |
r-patched-linux-x86_64 | 0.3.8 | 6.29 | 55.81 | 62.10 | OK | |
r-release-linux-x86_64 | 0.3.8 | 5.51 | 55.06 | 60.57 | OK | |
r-release-macos-arm64 | 0.3.8 | 73.00 | OK | |||
r-release-macos-x86_64 | 0.3.8 | 86.00 | OK | |||
r-release-windows-x86_64 | 0.3.8 | 10.00 | 78.00 | 88.00 | OK | |
r-oldrel-macos-arm64 | 0.3.8 | 66.00 | OK | |||
r-oldrel-macos-x86_64 | 0.3.8 | 99.00 | OK | |||
r-oldrel-windows-x86_64 | 0.3.8 | 10.00 | 86.00 | 96.00 | OK |
Version: 0.3.8
Check: examples
Result: NOTE
Examples with CPU (user + system) or elapsed time > 5s
user system elapsed
bde_catalog_update 0.061 0.027 60.086
bde_series_full_load 0.066 0.021 60.037
bde_indicators 0.045 0.026 43.307
bde_series_load 0.052 0.016 40.331
bde_catalog_search 0.040 0.017 26.938
bde_catalog_load 0.040 0.013 5.863
theme_tidybde 0.029 0.019 28.630
Flavor: r-devel-linux-x86_64-debian-gcc