Last updated on 2025-07-19 13:50:28 CEST.
Flavor | Version | Tinstall | Tcheck | Ttotal | Status | Flags |
---|---|---|---|---|---|---|
r-devel-linux-x86_64-debian-clang | 0.2.2 | 7.07 | 57.38 | 64.45 | OK | |
r-devel-linux-x86_64-debian-gcc | 0.2.2 | 5.06 | 42.84 | 47.90 | OK | |
r-devel-linux-x86_64-fedora-clang | 0.2.2 | 101.54 | OK | |||
r-devel-linux-x86_64-fedora-gcc | 0.2.2 | 110.64 | OK | |||
r-devel-windows-x86_64 | 0.2.2 | 8.00 | 74.00 | 82.00 | OK | |
r-patched-linux-x86_64 | 0.2.2 | 6.72 | 52.37 | 59.09 | OK | |
r-release-linux-x86_64 | 0.2.2 | 6.60 | 51.96 | 58.56 | OK | |
r-release-macos-arm64 | 0.2.2 | 36.00 | OK | |||
r-release-macos-x86_64 | 0.2.2 | 63.00 | OK | |||
r-release-windows-x86_64 | 0.2.2 | 8.00 | 72.00 | 80.00 | OK | |
r-oldrel-macos-arm64 | 0.2.2 | 35.00 | NOTE | |||
r-oldrel-macos-x86_64 | 0.2.2 | 53.00 | NOTE | |||
r-oldrel-windows-x86_64 | 0.2.2 | 12.00 | 88.00 | 100.00 | NOTE |
Version: 0.2.2
Check: LazyData
Result: NOTE
'LazyData' is specified without a 'data' directory
Flavors: r-oldrel-macos-arm64, r-oldrel-macos-x86_64, r-oldrel-windows-x86_64