Last updated on 2025-05-19 01:50:10 CEST.
Flavor | Version | Tinstall | Tcheck | Ttotal | Status | Flags |
---|---|---|---|---|---|---|
r-devel-linux-x86_64-debian-clang | 0.1.4 | 6.97 | 64.93 | 71.90 | NOTE | |
r-devel-linux-x86_64-debian-gcc | 0.1.4 | 6.10 | 49.69 | 55.79 | NOTE | |
r-devel-linux-x86_64-fedora-clang | 0.1.4 | 118.54 | OK | |||
r-devel-linux-x86_64-fedora-gcc | 0.1.4 | 108.18 | OK | |||
r-devel-windows-x86_64 | 0.1.4 | 9.00 | 88.00 | 97.00 | OK | |
r-patched-linux-x86_64 | 0.1.4 | 7.48 | 62.60 | 70.08 | OK | |
r-release-linux-x86_64 | 0.1.4 | 7.38 | 62.13 | 69.51 | OK | |
r-release-macos-arm64 | 0.1.4 | 34.00 | OK | |||
r-release-macos-x86_64 | 0.1.4 | 60.00 | OK | |||
r-release-windows-x86_64 | 0.1.4 | 8.00 | 83.00 | 91.00 | OK | |
r-oldrel-macos-arm64 | 0.1.4 | 37.00 | OK | |||
r-oldrel-macos-x86_64 | 0.1.4 | 52.00 | OK | |||
r-oldrel-windows-x86_64 | 0.1.4 | 10.00 | 99.00 | 109.00 | OK |
Version: 0.1.4
Check: CRAN incoming feasibility
Result: NOTE
Maintainer: ‘Tyler Rinker <tyler.rinker@gmail.com>’
Package CITATION file contains call(s) to old-style citEntry(). Please
use bibentry() instead.
Flavors: r-devel-linux-x86_64-debian-clang, r-devel-linux-x86_64-debian-gcc