Last updated on 2024-08-16 12:49:22 CEST.
Flavor | Version | Tinstall | Tcheck | Ttotal | Status | Flags |
---|---|---|---|---|---|---|
r-devel-linux-x86_64-debian-clang | 0.1.1 | 14.93 | 25.88 | 40.81 | OK | |
r-devel-linux-x86_64-debian-gcc | 0.1.1 | 13.56 | 22.24 | 35.80 | OK | |
r-devel-linux-x86_64-fedora-clang | 0.1.1 | 70.13 | NOTE | |||
r-devel-linux-x86_64-fedora-gcc | 0.1.1 | 69.12 | OK | |||
r-devel-windows-x86_64 | 0.1.1 | 16.00 | 43.00 | 59.00 | NOTE | |
r-patched-linux-x86_64 | 0.1.1 | 15.60 | 25.94 | 41.54 | OK | |
r-release-linux-x86_64 | 0.1.1 | 14.46 | 25.37 | 39.83 | OK | |
r-release-macos-arm64 | 0.1.1 | 29.00 | NOTE | |||
r-release-macos-x86_64 | 0.1.1 | 43.00 | NOTE | |||
r-release-windows-x86_64 | 0.1.1 | 16.00 | 43.00 | 59.00 | NOTE | |
r-oldrel-macos-arm64 | 0.1.1 | 29.00 | NOTE | |||
r-oldrel-macos-x86_64 | 0.1.1 | 51.00 | NOTE | |||
r-oldrel-windows-x86_64 | 0.1.1 | 19.00 | 46.00 | 65.00 | NOTE |
Version: 0.1.1
Check: installed package size
Result: NOTE
installed size is 5.3Mb
sub-directories of 1Mb or more:
data 5.2Mb
Flavors: r-devel-linux-x86_64-fedora-clang, r-devel-windows-x86_64, r-release-macos-arm64, r-release-macos-x86_64, r-release-windows-x86_64, r-oldrel-macos-arm64, r-oldrel-macos-x86_64, r-oldrel-windows-x86_64